{"id":948,"date":"2016-03-29T19:36:55","date_gmt":"2016-03-29T17:36:55","guid":{"rendered":"http:\/\/oppevara.hitsa.ee\/opilood\/?page_id=948"},"modified":"2016-07-26T09:25:39","modified_gmt":"2016-07-26T07:25:39","slug":"uhiskonnaopetus-gumnaasium","status":"publish","type":"page","link":"https:\/\/oppevara.edu.ee\/opilood\/oppekava-digipadevuse-naited\/sotsiaalained\/uhiskonnaopetus-gumnaasium\/","title":{"rendered":"\u00dchiskonna\u00f5petus &#8211; g\u00fcmnaasium"},"content":{"rendered":"<h2>12. klass<\/h2>\n<h3>N\u00e4ide: M\u00f5istekaart Eesti seotusest rahvusvaheliste organisatsioonidega<\/h3>\n<p><span style=\"font-weight: 400;\">Kaardistage grupit\u00f6\u00f6na Eesti osalus ja roll erinevates rahvusvahelistes organisatsioonides. Kaardistuseks saab kasutada nt vitruaalset m\u00f5ttekaarti v\u00f5i interaktiivset tahvlit. Gruppide \u00fclesandeks on virtuaalses koosloomises v\u00e4lja tuua Eestiga seotud rahvusvahelised organisatsioonid, lisada organisatsiooni asutamisandmed, liikmeskond, koduleht, Eesti liitumisega seotud info ja organisatsiooni toimimise olulisemad p\u00f5him\u00f5tted ning koost\u00f6\u00f6v\u00f5imalused. T\u00f6\u00f6 tulemusena paistab Eesti seotus erinevate organisatsioonidega ning nende m\u00f5ju meie v\u00e4lis- ja sisepoliitikale. <\/span><\/p>\n<p><strong>\u00d5pilase digip\u00e4devuste osaoskused<\/strong><\/p>\n<ul>\n<li>INFO (IV - 1.1. Info otsimine ja sirvimine, IV - 1.2. Info hindamine, IV - 1.3. Info salvestamine ja taasesitamine<span style=\"font-weight: 400;\">)<\/span><\/li>\n<li>SUHTLUS (IV - 2.1. Suhtlemine digivahenditega, IV - 2.2. Info ja sisu jagamine, IV - 2.3. Kodanikuaktiivsus veebis, IV - 2.4. Koost\u00f6\u00f6 digitehnoloogia toel<span style=\"font-weight: 400;\">)<\/span><\/li>\n<li>SISULOOME (IV - 3.1. Digitaalne sisuloome<span style=\"font-weight: 400;\">)<\/span><\/li>\n<\/ul>\n<p><strong>N\u00e4ite autor:<\/strong> Madli-Maria Naulainen (Kuressaare G\u00fcmnaasium)<\/p>\n","protected":false},"excerpt":{"rendered":"<p>12. klass N\u00e4ide: M\u00f5istekaart Eesti seotusest rahvusvaheliste organisatsioonidega Kaardistage grupit\u00f6\u00f6na Eesti osalus ja roll erinevates rahvusvahelistes organisatsioonides. Kaardistuseks saab kasutada nt vitruaalset m\u00f5ttekaarti v\u00f5i interaktiivset tahvlit. Gruppide \u00fclesandeks on virtuaalses koosloomises v\u00e4lja tuua Eestiga seotud rahvusvahelised organisatsioonid, lisada organisatsiooni asutamisandmed, liikmeskond, koduleht, Eesti liitumisega seotud info ja organisatsiooni toimimise olulisemad p\u00f5him\u00f5tted ning koost\u00f6\u00f6v\u00f5imalused. T\u00f6\u00f6 tulemusena <a class=\"read-more\" href=\"https:\/\/oppevara.edu.ee\/opilood\/oppekava-digipadevuse-naited\/sotsiaalained\/uhiskonnaopetus-gumnaasium\/\">...continue reading <span class=\"meta-nav\">&rarr;<\/span><\/a><\/p>\n","protected":false},"author":3,"featured_media":0,"parent":520,"menu_order":10,"comment_status":"closed","ping_status":"closed","template":"page-templates\/full-width.php","meta":[],"_links":{"self":[{"href":"https:\/\/oppevara.edu.ee\/opilood\/wp-json\/wp\/v2\/pages\/948"}],"collection":[{"href":"https:\/\/oppevara.edu.ee\/opilood\/wp-json\/wp\/v2\/pages"}],"about":[{"href":"https:\/\/oppevara.edu.ee\/opilood\/wp-json\/wp\/v2\/types\/page"}],"author":[{"embeddable":true,"href":"https:\/\/oppevara.edu.ee\/opilood\/wp-json\/wp\/v2\/users\/3"}],"replies":[{"embeddable":true,"href":"https:\/\/oppevara.edu.ee\/opilood\/wp-json\/wp\/v2\/comments?post=948"}],"version-history":[{"count":5,"href":"https:\/\/oppevara.edu.ee\/opilood\/wp-json\/wp\/v2\/pages\/948\/revisions"}],"predecessor-version":[{"id":1473,"href":"https:\/\/oppevara.edu.ee\/opilood\/wp-json\/wp\/v2\/pages\/948\/revisions\/1473"}],"up":[{"embeddable":true,"href":"https:\/\/oppevara.edu.ee\/opilood\/wp-json\/wp\/v2\/pages\/520"}],"wp:attachment":[{"href":"https:\/\/oppevara.edu.ee\/opilood\/wp-json\/wp\/v2\/media?parent=948"}],"curies":[{"name":"wp","href":"https:\/\/api.w.org\/{rel}","templated":true}]}}