{"id":719,"date":"2016-03-19T15:19:59","date_gmt":"2016-03-19T13:19:59","guid":{"rendered":"http:\/\/oppevara.hitsa.ee\/opilood\/?page_id=719"},"modified":"2016-07-26T09:44:12","modified_gmt":"2016-07-26T07:44:12","slug":"kirjandus-iii-kooliaste","status":"publish","type":"page","link":"https:\/\/oppevara.edu.ee\/opilood\/oppekava-digipadevuse-naited\/keel-ja-kirjandus\/kirjandus-iii-kooliaste\/","title":{"rendered":"Kirjandus &#8211; III kooliaste"},"content":{"rendered":"<h3><b>N\u00e4idis 1:\u00a0\u201cDigitaalse lugemiskontrolli koostamine\u201d<\/b><\/h3>\n<p><b>Teema<\/b><span style=\"font-weight: 400;\">: lugemine<\/span><\/p>\n<p><b>\u00dclesanded:<\/b><\/p>\n<ol>\n<li style=\"font-weight: 400;\"><span style=\"font-weight: 400;\">\u00d5pilane koostab individuaalselt loetud teose kohta 2 fakti-, 3 p\u00f5hjendus-, 3 arvamusk\u00fcsimusest koosneva digitaalse lugemiskontrolli vabalt valitud sobilikus keskkonnas (nt MS Word).<\/span><\/li>\n<li style=\"font-weight: 400;\"><span style=\"font-weight: 400;\">\u00d5pilane saadab k\u00fcsimused klassikaaslasele vastamiseks e-kirja teel ja vastab ka ise enda koostatud k\u00fcsimustele.<\/span><\/li>\n<li style=\"font-weight: 400;\"><span style=\"font-weight: 400;\">\u00d5pilane v\u00f5rdleb ja hindab saadud vastuseid.<\/span><\/li>\n<\/ol>\n<p><b>Digip\u00e4devuste osaoskused:<\/b><\/p>\n<ul>\n<li><span style=\"font-weight: 400;\">INFO (III - 1.3. Info salvestamine ja taasesitamine)<\/span><\/li>\n<li><span style=\"font-weight: 400;\">SUHTLUS (III - 2.1. Suhtlemine digivahenditega, III - 2.4. Koost\u00f6\u00f6 digitehnoloogia toel,<br \/>\nIII - 2.5. Netikett)<\/span><\/li>\n<li><span style=\"font-weight: 400;\">SISULOOME\u00a0(III - 3.1. Digitaalne sisuloome)<\/span><\/li>\n<\/ul>\n<hr \/>\n<h3><b>N\u00e4idis 2:\u00a0\u00c4rkamisaeg<\/b><\/h3>\n<p><b>Teema<\/b><span style=\"font-weight: 400;\">: kultuurilugu\u00a0<\/span><\/p>\n<p><b>\u00dcldine kirjeldus<\/b><span style=\"font-weight: 400;\">: \u00c4rkamisaja kirjanike kohta info otsimine ja teistele esitlemine<\/span><\/p>\n<p><b>\u00dclesanded<\/b><span style=\"font-weight: 400;\">:<\/span><\/p>\n<ol>\n<li style=\"font-weight: 400;\"><span style=\"font-weight: 400;\">\u00d5pilased t\u00f6\u00f6tavad paarides v\u00f5i v\u00e4ikestest r\u00fchmades.<\/span><\/li>\n<li style=\"font-weight: 400;\"><span style=\"font-weight: 400;\">\u00d5pilased otsivad veebist infot \u00e4rkamisaja ning selle perioodi kirjanike kohta, j\u00e4rgides autori\u00f5igusi (<\/span><a href=\"http:\/\/www.autor.ee\"><span style=\"font-weight: 400;\">www.autor.ee<\/span><\/a><span style=\"font-weight: 400;\">).<\/span><\/li>\n<li style=\"font-weight: 400;\"><span style=\"font-weight: 400;\">Kogutud info koondatakse \u00fchisesse keskkonda (nt Padlet, blogi vms).<\/span><\/li>\n<li style=\"font-weight: 400;\"><span style=\"font-weight: 400;\">Esitlusi tutvustatakse klassis ning tagasisidestatakse veebis (nt blogi, Tricider vms).<\/span><\/li>\n<\/ol>\n<p><b>Digip\u00e4devuste osaoskused:<\/b><\/p>\n<ul>\n<li><span style=\"font-weight: 400;\">INFO (III - 1.1. Info otsimine ja sirvimine, III - 1.2. Info hindamine,\u00a0III - 1.3. Info salvestamine ja taasesitamine)<\/span><\/li>\n<li><span style=\"font-weight: 400;\">SUHTLUS (III - 2.4. Koost\u00f6\u00f6 digitehnoloogia toel)<\/span><\/li>\n<li><span style=\"font-weight: 400;\">SISULOOME\u00a0(III - 3.1. Digitaalne sisuloome,\u00a0III - 3.3. Autori\u00f5igus ja litsentsid)<\/span><\/li>\n<li><span style=\"font-weight: 400;\">TURVALISUS (III - 4.2. Isikuandmete kaitsmine)<\/span><\/li>\n<\/ul>\n<hr \/>\n<h3><b>N\u00e4idis 3:\u00a0Raamatud meie \u00fcmber<\/b><\/h3>\n<p><b>Teema<\/b><span style=\"font-weight: 400;\">: teksti t\u00f5lgendamine, anal\u00fc\u00fcs ja m\u00f5istmine<\/span><\/p>\n<p><b>\u00dcldine kirjeldus<\/b><span style=\"font-weight: 400;\">: Kursusel k\u00e4sitletud teoste kordamiseks\/kokkuv\u00f5tteks lasta \u00f5pilastel koostada Kuldvillaku m\u00e4ng. \u00a0<\/span><\/p>\n<p><b>\u00dclesanded<\/b><span style=\"font-weight: 400;\">:<\/span><\/p>\n<ol>\n<li style=\"text-align: left; font-weight: 400;\"><span style=\"font-weight: 400;\">\u00d5pilased valivad ajur\u00fcnnaku k\u00e4igus v\u00e4lja teemad (teosed, autorid, tegelased, heli, pilt vm). N\u00e4idis:\u00a0<\/span><a href=\"https:\/\/jeopardylabs.com\/play\/6-klassi-eesti-keel-ja-kirjandus2\"><span style=\"font-weight: 400;\">https:\/\/jeopardylabs.com\/play\/6-klassi-eesti-keel-ja-kirjandus2<\/span><\/a><\/li>\n<li style=\"text-align: left; font-weight: 400;\"><span style=\"font-weight: 400;\">\u00d5pilastest moodustatakse grupid, iga grupp koostab teemade j\u00e4rgi k\u00fcsimused.<\/span><\/li>\n<li style=\"text-align: left; font-weight: 400;\"><span style=\"font-weight: 400;\">Kuldvillaku m\u00e4ng vormistatakse digivahendiga (nt <\/span><a href=\"http:\/\/koolielu.ee\/tools\/read\/36729\"><span style=\"font-weight: 400;\">http:\/\/koolielu.ee\/tools\/read\/36729<\/span><\/a><span style=\"font-weight: 400;\">).<\/span><\/li>\n<li style=\"text-align: left; font-weight: 400;\"><span style=\"font-weight: 400;\">Grupid jagavad Padleti vm veebitahvli abil vastastikku m\u00e4ngude linke.<\/span><\/li>\n<li style=\"text-align: left; font-weight: 400;\"><span style=\"font-weight: 400;\">\u00dcks m\u00e4ng m\u00e4ngitakse v\u00f5istlusena l\u00e4bi. \u00a0\u00a0<\/span><\/li>\n<\/ol>\n<p><span style=\"font-weight: 400;\"><b>Digip\u00e4devuste osaoskused:<\/b><br \/>\n<\/span><\/p>\n<ul>\n<li><span style=\"font-weight: 400;\">SUHTLUS\u00a0(III - 2.2. Info ja sisu jagamine, III - 2.4. Koost\u00f6\u00f6 digitehnoloogia toel)<\/span><\/li>\n<li><span style=\"font-weight: 400;\">SISULOOME\u00a0(III - 3.1. Digitaalne sisuloome,\u00a0III - 3.3. Autori\u00f5igus ja litsentsid)<\/span><\/li>\n<li><span style=\"font-weight: 400;\">PROBLEEMILAHENDUS\u00a0(III - 5.3. Innovatsioon ja tehnoloogia loov kasutamine)<\/span><\/li>\n<\/ul>\n<hr \/>\n<h3><b>N\u00e4idis 4:\u00a0 \u201cKevade\u201d tegelased t\u00e4nap\u00e4eva koolis<\/b><\/h3>\n<p><b>Teema:<\/b><span style=\"font-weight: 400;\"> teksti t\u00f5lgendamine, anal\u00fc\u00fcs ja m\u00f5istmine<\/span><\/p>\n<p><b>\u00dcldine kirjeldus:<\/b><span style=\"font-weight: 400;\"> \u00d5pilased loovad tuntud kirjandusteose p\u00f5hjal animatsiooni (eelnevalt on nad tutvunud animatsiooni loomise p\u00f5him\u00f5tetega - juhend <\/span><a href=\"http:\/\/tiigrihypeharidustehnoloog.blogspot.com.ee\/2012\/03\/stop-motion-animatsioon.html\"><span style=\"font-weight: 400;\">http:\/\/tiigrihypeharidustehnoloog.blogspot.com.ee\/2012\/03\/stop-motion-animatsioon.html<\/span><\/a><span style=\"font-weight: 400;\">)<\/span><\/p>\n<p><b>\u00dclesanded:<\/b><\/p>\n<ol>\n<li style=\"font-weight: 400;\"><span style=\"font-weight: 400;\">\u00d5pilased jaotatakse nelja gruppi.<\/span><\/li>\n<li style=\"font-weight: 400;\"><span style=\"font-weight: 400;\">Iga grupp valib v\u00e4lja \u00fche s\u00fcndmuse\/situatsiooni oma koolis toimunust.<\/span><\/li>\n<li style=\"font-weight: 400;\"><span style=\"font-weight: 400;\">\u00d5pilastel tuleb kirjutada animatsiooni stsenaarium, kus kuni kolm tegelast raamatust (Toots, Kiir, Teele, Arno, Imelik, T\u00f5nisson, Tiugu, Laur, K\u00f6ster, Lible vm) situatsiooni taasesitavad. \u00a0\u00a0<\/span><\/li>\n<li style=\"font-weight: 400;\"><span style=\"font-weight: 400;\">Stsenaariumi p\u00f5hjal luuakse animatsioon (v\u00f5ib olla l\u00f5iming kunsti\u00f5petuse v\u00f5i meedia\u00f5petuse vm tunniga).<\/span><\/li>\n<li style=\"font-weight: 400;\"><span style=\"font-weight: 400;\">Iga grupp esitleb loodut.\u00a0<\/span><\/li>\n<\/ol>\n<p><span style=\"font-weight: 400;\"><b>Digip\u00e4devuste osaoskused:\u00a0<\/b><br \/>\n<\/span><\/p>\n<ul>\n<li><span style=\"font-weight: 400;\">INFO (III - 1.2. Info hindamine)<\/span><\/li>\n<li><span style=\"font-weight: 400;\">SUHTLUS (III - 2.4. Koost\u00f6\u00f6 digitehnoloogia toel)<\/span><\/li>\n<li><span style=\"font-weight: 400;\">SISULOOME (III - 3.1. Digitaalne sisuloome)<\/span><\/li>\n<li><span style=\"font-weight: 400;\">PROBLEEMILAHENDUS (III - 5.3. Innovatsioon ja tehnoloogia loov kasutamine)<\/span><\/li>\n<\/ul>\n<p style=\"text-align: left;\"><strong>N\u00e4idis\u00fclesannete autorid:\u00a0<\/strong>Jane Markus (Gustav Adolfi G\u00fcmnaasium),\u00a0Erika Rummel (Viljandi G\u00fcmnaasium),\u00a0\u00dclle Salum\u00e4e (Gustav Adolfi G\u00fcmnaasium)<\/p>\n","protected":false},"excerpt":{"rendered":"<p>N\u00e4idis 1:\u00a0\u201cDigitaalse lugemiskontrolli koostamine\u201d Teema: lugemine \u00dclesanded: \u00d5pilane koostab individuaalselt loetud teose kohta 2 fakti-, 3 p\u00f5hjendus-, 3 arvamusk\u00fcsimusest koosneva digitaalse lugemiskontrolli vabalt valitud sobilikus keskkonnas (nt MS Word). \u00d5pilane saadab k\u00fcsimused klassikaaslasele vastamiseks e-kirja teel ja vastab ka ise enda koostatud k\u00fcsimustele. \u00d5pilane v\u00f5rdleb ja hindab saadud vastuseid. Digip\u00e4devuste osaoskused: INFO (III - 1.3. <a class=\"read-more\" href=\"https:\/\/oppevara.edu.ee\/opilood\/oppekava-digipadevuse-naited\/keel-ja-kirjandus\/kirjandus-iii-kooliaste\/\">...continue reading <span class=\"meta-nav\">&rarr;<\/span><\/a><\/p>\n","protected":false},"author":2,"featured_media":0,"parent":512,"menu_order":6,"comment_status":"closed","ping_status":"closed","template":"page-templates\/full-width.php","meta":[],"_links":{"self":[{"href":"https:\/\/oppevara.edu.ee\/opilood\/wp-json\/wp\/v2\/pages\/719"}],"collection":[{"href":"https:\/\/oppevara.edu.ee\/opilood\/wp-json\/wp\/v2\/pages"}],"about":[{"href":"https:\/\/oppevara.edu.ee\/opilood\/wp-json\/wp\/v2\/types\/page"}],"author":[{"embeddable":true,"href":"https:\/\/oppevara.edu.ee\/opilood\/wp-json\/wp\/v2\/users\/2"}],"replies":[{"embeddable":true,"href":"https:\/\/oppevara.edu.ee\/opilood\/wp-json\/wp\/v2\/comments?post=719"}],"version-history":[{"count":10,"href":"https:\/\/oppevara.edu.ee\/opilood\/wp-json\/wp\/v2\/pages\/719\/revisions"}],"predecessor-version":[{"id":1486,"href":"https:\/\/oppevara.edu.ee\/opilood\/wp-json\/wp\/v2\/pages\/719\/revisions\/1486"}],"up":[{"embeddable":true,"href":"https:\/\/oppevara.edu.ee\/opilood\/wp-json\/wp\/v2\/pages\/512"}],"wp:attachment":[{"href":"https:\/\/oppevara.edu.ee\/opilood\/wp-json\/wp\/v2\/media?parent=719"}],"curies":[{"name":"wp","href":"https:\/\/api.w.org\/{rel}","templated":true}]}}