{"id":658,"date":"2016-03-18T21:32:52","date_gmt":"2016-03-18T19:32:52","guid":{"rendered":"http:\/\/oppevara.hitsa.ee\/opilood\/?page_id=658"},"modified":"2016-07-25T13:33:02","modified_gmt":"2016-07-25T11:33:02","slug":"iii-kooliaste-kasitoo-ja-kodundus","status":"publish","type":"page","link":"https:\/\/oppevara.edu.ee\/opilood\/oppekava-digipadevuse-naited\/tehnoloogia\/iii-kooliaste-kasitoo-ja-kodundus\/","title":{"rendered":"K\u00e4sit\u00f6\u00f6 ja kodundus &#8211; III kooliaste"},"content":{"rendered":"<h2>K\u00e4sit\u00f6\u00f6<\/h2>\n<h3><b>N\u00e4ide 1: \u201cMustrikirjelduse v\u00f5i t\u00f6\u00f6juhendi t\u00f5lkimine\u201d<\/b><\/h3>\n<p><span style=\"font-weight: 400;\">\u00d5pilased otsivad nt <\/span><a href=\"https:\/\/www.pinterest.com\/\"><span style=\"font-weight: 400;\">Pinterest<\/span><\/a><span style=\"font-weight: 400;\">i abil endale meeldiva v\u00f5\u00f5rkeelse t\u00f6\u00f6juhendi v\u00f5i mustrikirjelduse. Mustrikirjelduse v\u00f5i t\u00f6\u00f6juhendi puhul peab j\u00e4lgima autori poolt kehtestatud tingimusi, valida v\u00f5iks CC litsentsiga lubatud juhendeid. <\/span><\/p>\n<p><span style=\"font-weight: 400;\">\u00d5pilane valmistab enda t\u00f5lgitud ja vajadusel t\u00e4iendatud juhendi v\u00f5i mustrikirjelduse j\u00e4rgi oma eseme ja teeb selle \u00a0valmistamise k\u00e4igust uued fotod v\u00f5i videod oma kirja pandavasse juhendisse. Juhendi vormistamiseks valib \u00a0sobiva veebip\u00f5hise vahendi (nt <\/span><a href=\"https:\/\/www.google.com\/drive\/\"><span style=\"font-weight: 400;\">GoogleDrive<\/span><\/a><span style=\"font-weight: 400;\">, <\/span><a href=\"http:\/\/www.tildee.com\/\"><span style=\"font-weight: 400;\">Tildee<\/span><\/a><span style=\"font-weight: 400;\">, <\/span><a href=\"https:\/\/padlet.com\/\"><span style=\"font-weight: 400;\">Padlet<\/span><\/a><span style=\"font-weight: 400;\"> jne). Kindlasti tuleb j\u00e4rgida, et t\u00f5lgitud juhendis on viidatud algmaterjalile ja autorile.<\/span><span style=\"font-weight: 400;\"><br \/>\n<\/span><span style=\"font-weight: 400;\">\u00d5pilaste poolt t\u00f5lgitud juhendid avaldatakse ja lisatakse <\/span><a href=\"https:\/\/www.pinterest.com\/\"><span style=\"font-weight: 400;\">Pinterest<\/span><\/a><span style=\"font-weight: 400;\">i keskkonda \u00fchisesse kausta.<\/span><\/p>\n<p><span style=\"font-weight: 400;\">Hindamisel tutvustatakse oma t\u00f5lgitud juhendit v\u00f5i mustrikirjeldust ning t\u00f6\u00f6 k\u00e4iku (nii t\u00f5lkimise kui eseme valmistamise kulgu), antakse hinnang valminud esemele.<\/span><\/p>\n<p><span style=\"font-weight: 400;\"><strong>L\u00f5iming:<\/strong> keele\u00f5pe, kunsti\u00f5petus<\/span><\/p>\n<p><b>Digip\u00e4devuste osaoskused:<\/b><\/p>\n<ul>\n<li style=\"font-weight: 400;\"><span style=\"font-weight: 400;\">INFO (III - 1.1. Info otsimine ja sirvimine, III - 1.2. Info hindamine, III - 1.3. Info salvestamine ja taasesitamine)<\/span><\/li>\n<li style=\"font-weight: 400;\"><span style=\"font-weight: 400;\">SUHTLUS (III - 2.2. Info ja sisu jagamine, III - 2.5. Netikett, III - 2.6. Digitaalse identiteedi haldamine)<\/span><\/li>\n<li style=\"font-weight: 400;\"><span style=\"font-weight: 400;\">SISULOOME (III - 3.1. Digitaalne sisuloome, III - 3.2. Uue teadmise loomine, III - 3.3. Autori\u00f5igus ja litsentsid)<\/span><\/li>\n<li style=\"font-weight: 400;\"><span style=\"font-weight: 400;\">TURVALISUS (III - 4.2. Isikuandmete kaitsmine)<\/span><\/li>\n<\/ul>\n<hr \/>\n<h3>N\u00e4ide 2:\u00a0<b>\u201cMood ja meie\u201d<\/b><\/h3>\n<p><b><i>Variant A. \u201c<\/i><\/b><span style=\"font-weight: 400;\">Moeajalugu\u201d \u00d5pilased jagatakse r\u00fchmadesse <\/span><span style=\"font-weight: 400;\"><br \/>\n<\/span><span style=\"font-weight: 400;\">R\u00fchmad saavad \u00fclesandeks koostada moeajaloo teemaline ajatelg, kasutades selleks m\u00f5nd veebip\u00f5hist ajatelje loomise vahendit (nt <\/span><a href=\"http:\/\/www.timetoast.com\"><span style=\"font-weight: 400;\">Timetoast<\/span><\/a><span style=\"font-weight: 400;\">, <\/span><a href=\"http:\/\/www.dipity.com\/\"><span style=\"font-weight: 400;\">Dipity<\/span><\/a><span style=\"font-weight: 400;\">). Ajavahemikud, mille kohta t\u00f6\u00f6 koostatakse, loositakse veebivahendit kasutades, nt (<\/span><a href=\"http:\/\/wheeldecide.com\/\"><span style=\"font-weight: 400;\">Wheeldeside<\/span><\/a><span style=\"font-weight: 400;\">). <\/span><span style=\"font-weight: 400;\"><br \/>\n<\/span><span style=\"font-weight: 400;\">Materjali kogumiseks kasutatakse erinevaid otsinguv\u00f5imalusi, nt <\/span><a href=\"https:\/\/www.google.com\/\"><span style=\"font-weight: 400;\">Google<\/span><\/a><span style=\"font-weight: 400;\">, <\/span><a href=\"https:\/\/www.pinterest.com\/\"><span style=\"font-weight: 400;\">Pinterest<\/span><\/a><span style=\"font-weight: 400;\">, <\/span><a href=\"https:\/\/www.youtube.com\/\"><span style=\"font-weight: 400;\">Youtube<\/span><\/a><span style=\"font-weight: 400;\">. Valminud t\u00f6\u00f6 link jagatakse veebip\u00f5hise jututoa nt <\/span><a href=\"https:\/\/todaysmeet.com\/\"><span style=\"font-weight: 400;\">TodaysMeet<\/span><\/a><span style=\"font-weight: 400;\"> abil teiste r\u00fchmadega. Teiste r\u00fchmade liikmed lisavad l\u00fchikommentaari ajatelje keskkonda, mille poolest neile valitud ajastu erineb kommenteeritavast t\u00f6\u00f6st. <\/span><\/p>\n<p><b><i>Variant B<\/i><\/b><b>.<\/b><span style=\"font-weight: 400;\"> \u201cMoestiilid\u201d \u00d5pilased jagatakse r\u00fchmadesse. R\u00fchmad saavad \u00fclesandeks koostada moestiili teemaline plakat, mis kirjeldab konkreetset stiili, kasutades selleks m\u00f5nd veebip\u00f5hist plakati loomise vahendit (nt <\/span><a href=\"https:\/\/www.canva.com\/\"><span style=\"font-weight: 400;\">Canva<\/span><\/a><span style=\"font-weight: 400;\">, <\/span><a href=\"https:\/\/www.glogster.com\/\"><span style=\"font-weight: 400;\">Glogster<\/span><\/a><span style=\"font-weight: 400;\">, <\/span><a href=\"https:\/\/www.smore.com\/\"><span style=\"font-weight: 400;\">Smore<\/span><\/a><span style=\"font-weight: 400;\"> jne). V\u00f5imalusel lisatakse plakatile lisaks piltidele ja tekstidele ka iseloomustav video ja muusika. <\/span><\/p>\n<p><span style=\"font-weight: 400;\">Moestiilide nimetused, mille kohta t\u00f6\u00f6 koostatakse, loositakse veebivahendit kasutades, nt (<\/span><a href=\"http:\/\/wheeldecide.com\/\"><span style=\"font-weight: 400;\">Wheeldeside<\/span><\/a><span style=\"font-weight: 400;\">). <\/span><span style=\"font-weight: 400;\"><br \/>\n<\/span><span style=\"font-weight: 400;\">Seej\u00e4rel koostavad \u00f5pilased stiili kohta plakati, mille \u00fchisele veebitahvlile (nt <\/span><a href=\"https:\/\/padlet.com\/\"><span style=\"font-weight: 400;\">Padlet<\/span><\/a><span style=\"font-weight: 400;\">, <\/span><a href=\"http:\/\/en.linoit.com\/\"><span style=\"font-weight: 400;\">LinoIt<\/span><\/a><span style=\"font-weight: 400;\">). Kodut\u00f6\u00f6na valib iga r\u00fchm endale teiste \u00f5pilaste plakateid vaadates uue stiili ja lavastab selle kohta moefoto, mille lisab samuti \u00fchisele veebitahvlile. T\u00f6\u00f6d koostades peetakse silmas autori\u00f5igusi (teiste autorite fotod plakatil peavad olema lubava litsentsiga, samuti tuleb oma t\u00f6\u00f6le lisada autorid)<\/span><\/p>\n<p><span style=\"font-weight: 400;\"><strong>L\u00f5iming:<\/strong> keele\u00f5pe, kunsti\u00f5petus, ajalugu, muusika\u00f5petus<\/span><\/p>\n<p><b>Digip\u00e4devuste osaoskused:<\/b><\/p>\n<ul>\n<li style=\"font-weight: 400;\"><span style=\"font-weight: 400;\">INFO (III - 1.1. Info otsimine ja sirvimine, III - 1.2. Info hindamine, III - 1.3. Info salvestamine ja taasesitamine)<\/span><\/li>\n<li style=\"font-weight: 400;\"><span style=\"font-weight: 400;\">SUHTLUS (III - 2.1. Suhtlemine digivahenditega, III - 2.2. Info ja sisu jagamine, III - 2.4. Koost\u00f6\u00f6 digitehnoloogia toel, III - 2.5. Netikett, III - 2.6. Digitaalse identiteedi haldamine)<\/span><\/li>\n<li style=\"font-weight: 400;\"><span style=\"font-weight: 400;\">SISULOOME (III - 3.1. Digitaalne sisuloome, III - 3.2. Uue teadmise loomine, III - 3.3. Autori\u00f5igus ja litsentsid)<\/span><\/li>\n<li style=\"font-weight: 400;\"><span style=\"font-weight: 400;\">TURVALISUS (III - 4.2. Isikuandmete kaitsmine)<\/span><\/li>\n<\/ul>\n<hr \/>\n<h2>Kodundus<\/h2>\n<h3><b>N\u00e4ide 1: \u201cKui palju r\u00f5ivaid mul on?\u201d <\/b><\/h3>\n<p><span style=\"font-weight: 400;\">\u00d5pilased kirjutavad \u00fcles numbri (nt GoogleDrive Forms), kui palju nad arvavad, et riietusesemeid neil on (r\u00f5ivaliikide kaupa) ja kui palju nad arvavad, et neid vaja on. Seej\u00e4rel saavad koduseks \u00fclesandeks \u00fcle lugeda, kui palju riietusesemeid tegelikult on. Andmed edastatakse j\u00e4lle GoogleForms abil \u00fchisesse andmefaili. Tabelarvutusprogrammi (nt GoogleDrive tabelarvutus) abil v\u00f5rreldakse andmeid - enda oletusi tegelikkusega, oma andmeid klassi keskmisega. Koostatakse klassi andmete alusel infograafika nt <\/span><a href=\"https:\/\/www.canva.com\/\"><span style=\"font-weight: 400;\">Canva<\/span><\/a><span style=\"font-weight: 400;\"> keskkonnas. <\/span><span style=\"font-weight: 400;\"><br \/>\n<\/span><span style=\"font-weight: 400;\">Seej\u00e4rel arutletakse teemal tarbimine ja ja tegelik tarbimisvajadus. Vaadatakse filmi moet\u00f6\u00f6stuse \u00fcletootmisest ja raiskamisest, kuidas kasutada neid esemeid, mis on seisma j\u00e4\u00e4nud, kuidas olukorda muuta<\/span><span style=\"font-weight: 400;\"><br \/>\n<\/span><span style=\"font-weight: 400;\">Valivad enda r\u00f5ivaste hulgast \u00fche, mida nad enam ei kasuta, pildistavad selle. Koguvad veebis olevaid ideid, mis sobiks rakendada selle eseme \u00fcmberkujundamiseks. Ideed kogutakse nt <\/span><a href=\"https:\/\/www.pinterest.com\/\"><span style=\"font-weight: 400;\">Pinterest<\/span><\/a><span style=\"font-weight: 400;\">i \u00fchisesse kausta. Seej\u00e4rel loob iga \u00f5pilane kavandi oma r\u00f5ivaeseme \u00fcmber disainimiseks, kasutades nutiseadme rakendust (Nt <\/span><a href=\"https:\/\/www.sketchbook.com\/\"><span style=\"font-weight: 400;\">SketchBook<\/span><\/a><span style=\"font-weight: 400;\">) ja jagavad kavandit \u00f5petajaga. <\/span><b><br \/>\n<\/b><\/p>\n<p><span style=\"font-weight: 400;\"><strong>L\u00f5iming:<\/strong> kunsti\u00f5petus, \u00fchiskonna\u00f5petus, matemaatika<\/span><\/p>\n<p style=\"text-align: left;\">Lisamaterjal:\u00a0<a href=\"http:\/\/www.tarbijakaitseamet.ee\/sites\/default\/files\/failid\/dokumendid\/tunnikava_teadlik_saastev_tarbimine.pdf\" target=\"_blank\">http:\/\/www.tarbijakaitseamet.ee\/sites\/default\/files\/failid\/dokumendid\/tunnikava_teadlik_saastev_tarbimine.pdf<\/a><\/p>\n<p><b>Digip\u00e4devuste osaoskused:<\/b><\/p>\n<ul>\n<li style=\"font-weight: 400;\"><span style=\"font-weight: 400;\">INFO (III - 1.1. Info otsimine ja sirvimine, III - 1.2. Info hindamine, III - 1.3. Info salvestamine ja taasesitamine)<\/span><\/li>\n<li style=\"font-weight: 400;\"><span style=\"font-weight: 400;\">SUHTLUS (III - 2.2. Info ja sisu jagamine)<\/span><\/li>\n<li style=\"font-weight: 400;\"><span style=\"font-weight: 400;\">SISULOOME (III - 3.1. Digitaalne sisuloome, III - 3.2. Uue teadmise loomine, III - 3.3. Autori\u00f5igus ja litsentsid)<\/span><\/li>\n<li style=\"font-weight: 400;\"><span style=\"font-weight: 400;\">TURVALISUS (III - 4.2. Isikuandmete kaitsmine)<\/span><\/li>\n<\/ul>\n<hr \/>\n<h3>N\u00e4ide 2:\u00a0<b>Rahvusk\u00f6\u00f6gid - Rahvuskultuuri p\u00e4ev <\/b><span style=\"font-weight: 400;\">(n\u00e4iteks vene kultuuri p\u00e4ev)<\/span><\/h3>\n<p style=\"text-align: left;\"><span style=\"font-weight: 400;\">Eelnevalt on erinevate aine\u00f5petajatega kokku lepitud \u00fchine teemak\u00e4sitlus. Vene rahvusk\u00f6\u00f6gi teemaga tutvutakse vene keele ja ka kodunduse tunnis. <\/span><span style=\"font-weight: 400;\"><br \/>\n<\/span><span style=\"font-weight: 400;\">Vene keele tunnis valmistavad \u00f5pilased plakatid, mis tutvustavad vene rahvakultuuri (nt tantsud, rahvariided, geograafiline asukoht jms). Keeletunnis otsitakse veebist,\u00a0valitakse ja t\u00f5lgitakse ka retseptid, mille j\u00e4rgi kodunduse tunnis valmistatakse toidud. <\/span><\/p>\n<p><span style=\"font-weight: 400;\">Kodunduse tunnis koostatakse men\u00fc\u00fc ja kalkulatsioon. Selleks kasutatakse veebip\u00f5hiseid vahendeid - men\u00fc\u00fc anal\u00fc\u00fcsiks nt <\/span><a href=\"http:\/\/www.ampser.ee\/\"><span style=\"font-weight: 400;\">Ampser<\/span><\/a><span style=\"font-weight: 400;\">it, kalkulatsiooniks GoogleDrive tabelarvutuse vahendeid. Men\u00fc\u00fc pannakse kirja \u00fchisesse dokumenti, nt GoogleDrives <\/span><span style=\"font-weight: 400;\"><br \/>\n<\/span><span style=\"font-weight: 400;\">Muusika\u00f5petuses \u00f5pilased tutvuvad ja valivad v\u00e4lja Vene kultuurip\u00e4evale sobiliku muusika, tutvutakse rahvatantsude ja seltskondlike m\u00e4ngudega.<\/span><span style=\"font-weight: 400;\"><br \/>\n<\/span><span style=\"font-weight: 400;\">Kunsti\u00f5petuse tunnis joonistavad Matrjo\u0161kasid, mustreid jms, mida saab kasutada ka kultuurip\u00e4eval kaunistustena.<\/span><\/p>\n<p><span style=\"font-weight: 400;\">Teema kokkuv\u00f5tteks viiakse l\u00e4bi vene kultuuri p\u00e4ev, millest saab osa terve klass, kool v\u00f5i kooliaste (s\u00f5ltuvalt kooli suurusest).<\/span><\/p>\n<p><span style=\"font-weight: 400;\">Kogu vene p\u00e4eva ettevalmistamisest valmib videokokkuv\u00f5te (vahend \u00f5pilaste valida), mis avaldatakse kooli kodulehel.<\/span><\/p>\n<p><span style=\"font-weight: 400;\"><strong>L\u00f5iming:<\/strong> keele\u00f5pe, kunsti\u00f5petus, muusika\u00f5petus, ajalugu, geograafia<\/span><\/p>\n<p><b>Digip\u00e4devuste osaoskused:<\/b><\/p>\n<ul>\n<li style=\"font-weight: 400;\"><span style=\"font-weight: 400;\">INFO (III - 1.1. Info otsimine ja sirvimine, III - 1.2. Info hindamine, III - 1.3. Info salvestamine ja taasesitamine)<\/span><\/li>\n<li style=\"font-weight: 400;\"><span style=\"font-weight: 400;\">SUHTLUS (III - 2.4. Koost\u00f6\u00f6 digitehnoloogia toel, III - 2.5. Netikett)<\/span><\/li>\n<li style=\"font-weight: 400;\"><span style=\"font-weight: 400;\">SISULOOME (III - 3.1. Digitaalne sisuloome, III - 3.3. Autori\u00f5igus ja litsentsid)<\/span><\/li>\n<li style=\"font-weight: 400;\"><span style=\"font-weight: 400;\">TURVALISUS (III - 4.2. Isikuandmete kaitsmine)<\/span><\/li>\n<\/ul>\n<p><strong>N\u00e4idete autorid:\u00a0<\/strong>Siret Lahemaa (Lauka P\u00f5hikool),\u00a0Raili Kaubi (Kuressaare G\u00fcmnaasium)<\/p>\n","protected":false},"excerpt":{"rendered":"<p>K\u00e4sit\u00f6\u00f6 N\u00e4ide 1: \u201cMustrikirjelduse v\u00f5i t\u00f6\u00f6juhendi t\u00f5lkimine\u201d \u00d5pilased otsivad nt Pinteresti abil endale meeldiva v\u00f5\u00f5rkeelse t\u00f6\u00f6juhendi v\u00f5i mustrikirjelduse. Mustrikirjelduse v\u00f5i t\u00f6\u00f6juhendi puhul peab j\u00e4lgima autori poolt kehtestatud tingimusi, valida v\u00f5iks CC litsentsiga lubatud juhendeid. \u00d5pilane valmistab enda t\u00f5lgitud ja vajadusel t\u00e4iendatud juhendi v\u00f5i mustrikirjelduse j\u00e4rgi oma eseme ja teeb selle \u00a0valmistamise k\u00e4igust uued fotod v\u00f5i <a class=\"read-more\" href=\"https:\/\/oppevara.edu.ee\/opilood\/oppekava-digipadevuse-naited\/tehnoloogia\/iii-kooliaste-kasitoo-ja-kodundus\/\">...continue reading <span class=\"meta-nav\">&rarr;<\/span><\/a><\/p>\n","protected":false},"author":3,"featured_media":0,"parent":525,"menu_order":3,"comment_status":"closed","ping_status":"closed","template":"page-templates\/full-width.php","meta":[],"_links":{"self":[{"href":"https:\/\/oppevara.edu.ee\/opilood\/wp-json\/wp\/v2\/pages\/658"}],"collection":[{"href":"https:\/\/oppevara.edu.ee\/opilood\/wp-json\/wp\/v2\/pages"}],"about":[{"href":"https:\/\/oppevara.edu.ee\/opilood\/wp-json\/wp\/v2\/types\/page"}],"author":[{"embeddable":true,"href":"https:\/\/oppevara.edu.ee\/opilood\/wp-json\/wp\/v2\/users\/3"}],"replies":[{"embeddable":true,"href":"https:\/\/oppevara.edu.ee\/opilood\/wp-json\/wp\/v2\/comments?post=658"}],"version-history":[{"count":7,"href":"https:\/\/oppevara.edu.ee\/opilood\/wp-json\/wp\/v2\/pages\/658\/revisions"}],"predecessor-version":[{"id":1429,"href":"https:\/\/oppevara.edu.ee\/opilood\/wp-json\/wp\/v2\/pages\/658\/revisions\/1429"}],"up":[{"embeddable":true,"href":"https:\/\/oppevara.edu.ee\/opilood\/wp-json\/wp\/v2\/pages\/525"}],"wp:attachment":[{"href":"https:\/\/oppevara.edu.ee\/opilood\/wp-json\/wp\/v2\/media?parent=658"}],"curies":[{"name":"wp","href":"https:\/\/api.w.org\/{rel}","templated":true}]}}