{"id":639,"date":"2016-03-18T16:43:56","date_gmt":"2016-03-18T14:43:56","guid":{"rendered":"http:\/\/oppevara.hitsa.ee\/opilood\/?page_id=639"},"modified":"2016-07-25T11:52:35","modified_gmt":"2016-07-25T09:52:35","slug":"iii-kooliaste-voorkeeled","status":"publish","type":"page","link":"https:\/\/oppevara.edu.ee\/opilood\/oppekava-digipadevuse-naited\/voorkeeled\/iii-kooliaste-voorkeeled\/","title":{"rendered":"V\u00f5\u00f5rkeeled &#8211; III kooliaste"},"content":{"rendered":"<h2>A-v\u00f5\u00f5rkeel<\/h2>\n<h3><b>N\u00e4ide 1: \u201cKodukoha vaatamisv\u00e4\u00e4rsused\u201d<\/b><\/h3>\n<p>Eesm\u00e4rk: arendada \u00f5pilaste esitlusoskust v\u00f5\u00f5rkeeles.<\/p>\n<ol>\n<li style=\"font-weight: 400;\"><span style=\"font-weight: 400;\">\u00d5pilased t\u00f6\u00f6tavad v\u00e4ikestes r\u00fchmades. R\u00fchmad moodustatakse elektrooniliselt (nt. <\/span><a href=\"http:\/\/teamup.aalto.fi\"><span style=\"font-weight: 400;\">TeamUp<\/span><\/a><span style=\"font-weight: 400;\">, <\/span><a href=\"http:\/\/www.classtools.net\/random-name-picker\/\"><span style=\"font-weight: 400;\">\u00d5nneratas)<\/span><\/a><span style=\"font-weight: 400;\">. <\/span><\/li>\n<li style=\"font-weight: 400;\"><span style=\"font-weight: 400;\">\u00d5pilaste \u00fclesandeks on v\u00e4lja valida enda kodukoha 5 vaatamisv\u00e4\u00e4rsust ning tutvustada neid l\u00e4bi videoklippide.\u00a0<\/span><\/li>\n<li style=\"font-weight: 400;\"><span style=\"font-weight: 400;\">Videod filmitakse \u00f5pilaste nutiseadmetega. Valminud videod lisatakse <\/span><a href=\"https:\/\/www.youtube.com\/\"><span style=\"font-weight: 400;\">YouTube\u2019i<\/span><\/a><span style=\"font-weight: 400;\"> keskkonda ning lingitakse \u00fchisele interaktiivsele kaardile (nt. <\/span><a href=\"http:\/\/maps.google.com\"><span style=\"font-weight: 400;\">GoogleMaps<\/span><\/a><span style=\"font-weight: 400;\">, <\/span><a href=\"https:\/\/www.thinglink.com\/\"><span style=\"font-weight: 400;\">Thinglink<\/span><\/a><span style=\"font-weight: 400;\">)<\/span><\/li>\n<li style=\"font-weight: 400;\"><span style=\"font-weight: 400;\">Interaktiivset kaarti saab jagada nt. projektipartneritega, teiste \u00f5pilastega, lastevanematega.<\/span><\/li>\n<\/ol>\n<p><strong>Digip\u00e4devuste osaoskused:<\/strong><\/p>\n<ul>\n<li style=\"font-weight: 400;\"><span style=\"font-weight: 400;\">INFO (III - 1.2. Info hindamine, III - 1.3. Info salvestamine ja taasesitamine<span style=\"font-weight: 400;\">)<\/span><\/span><\/li>\n<li style=\"font-weight: 400;\"><span style=\"font-weight: 400;\">SUHTLUS\u00a0(III - 2.2. Info ja sisu jagamine, III - 2.4. Koost\u00f6\u00f6 digitehnoloogia toel)<\/span><\/li>\n<li style=\"font-weight: 400;\"><span style=\"font-weight: 400;\">SISULOOME (III - 3.3. Autori\u00f5igus ja litsentsid)<\/span><\/li>\n<li style=\"font-weight: 400;\"><span style=\"font-weight: 400;\">TURVALISUS (III - 4.1. Seadmete kaitsmine)<\/span><\/li>\n<li style=\"font-weight: 400;\"><span style=\"font-weight: 400;\">PROBLEEMILAHENDUS (III - 5.2. Vajaduste v\u00e4ljaselgitamine ja neile tehnoloogiliste lahenduste leidmine)<\/span><\/li>\n<\/ul>\n<hr \/>\n<h3><b>N\u00e4ide 2: \u00d5ppimine ja t\u00f6\u00f6<\/b><\/h3>\n<p>Eesm\u00e4rk: leida sobivaid rakendusi v\u00f5\u00f5rkeele\u00f5ppe t\u00f5hustamaks ja huvitavamaks muutmiseks<\/p>\n<p><span style=\"font-weight: 400;\">\u00d5pilased t\u00f6\u00f6tavad v\u00e4ikestes r\u00fchmades. R\u00fchmad moodustatakse elektrooniliselt (nt. <\/span><a href=\"http:\/\/teamup.aalto.fi\"><span style=\"font-weight: 400;\">TeamUp<\/span><\/a><span style=\"font-weight: 400;\">, <\/span><a href=\"http:\/\/www.classtools.net\/random-name-picker\/\"><span style=\"font-weight: 400;\">\u00d5nneratas)<\/span><\/a><span style=\"font-weight: 400;\">. \u00d5ppijate \u00fclesandeks on leida v\u00f5\u00f5rkeele \u00f5ppimiseks sobivaid rakendusi, neid kriitiliselt hinnata ning tutvustada neid rakendusi kaas\u00f5pilastele, \u00f5petajatele v\u00f5i lastevanematele.<\/span><\/p>\n<ol>\n<li style=\"font-weight: 400;\"><span style=\"font-weight: 400;\">\u00d5pilased otsivad erinevaid keele\u00f5ppe rakendusi.<\/span><\/li>\n<li style=\"font-weight: 400;\"><span style=\"font-weight: 400;\">\u00d5pilased hindavad rakendusi l\u00e4htudes j\u00e4rgnevatest kriteeriumitest: erinevad platvormid, hind, j\u00f5udlus, kaasahaaravus, kasutajas\u00f5bralikkus, reklaami olemasolu, viimane uuendus ja v\u00e4limus, koost\u00f6\u00f6v\u00f5imalus.<\/span><\/li>\n<li style=\"font-weight: 400;\"><span style=\"font-weight: 400;\">Vajadusel luuakse juhendid.<\/span><\/li>\n<li style=\"font-weight: 400;\"><span style=\"font-weight: 400;\">Rakendused, hinnangud ja juhendid lisatakse lingikogusse (<\/span><a href=\"http:\/\/www.pearltrees.com\/\"><span style=\"font-weight: 400;\">Pearltrees<\/span><\/a><span style=\"font-weight: 400;\">,<\/span><a href=\"https:\/\/padlet.com\/\"><span style=\"font-weight: 400;\"> Padlet<\/span><\/a><span style=\"font-weight: 400;\">, <\/span><a href=\"https:\/\/www.tes.com\/lessons?redirect-bs=1\"><span style=\"font-weight: 400;\">Blendspace<\/span><\/a><span style=\"font-weight: 400;\">, GoogleDocs).<\/span><\/li>\n<li style=\"font-weight: 400;\"><span style=\"font-weight: 400;\">Korraldatakse \u00f5ppimis\u00fcritus, kus edastatakse kogutud teavet.<\/span><\/li>\n<li style=\"font-weight: 400;\"><span style=\"font-weight: 400;\">Reflekteeritakse saadud kogemust osalejatelt saadud tagasiside p\u00f5hjal.<\/span><\/li>\n<\/ol>\n<p><strong>Digip\u00e4devuste osaoskused:<\/strong><\/p>\n<ul>\n<li style=\"font-weight: 400;\"><span style=\"font-weight: 400;\">INFO (III - 1.1. Info otsimine ja sirvimine, III - 1.2. Info hindamine)<\/span><\/li>\n<li style=\"font-weight: 400;\"><span style=\"font-weight: 400;\">SUHTLUS (III - 2.1. Suhtlemine digivahenditega, III - 2.2. Info ja sisu jagamine, III - 2.6. Digitaalse identiteedi haldamine)<\/span><\/li>\n<li style=\"font-weight: 400;\"><span style=\"font-weight: 400;\">SISULOOME\u00a0(III - 3.2. Uue teadmise loomine, III - 3.3. Autori\u00f5igus ja litsentsid)<\/span><\/li>\n<li style=\"font-weight: 400;\"><span style=\"font-weight: 400;\">TURVALISUS (III - 4.1. Seadmete kaitsmine, III - 4.4. Keskkonna kaitsmine)<\/span><\/li>\n<li style=\"font-weight: 400;\"><span style=\"font-weight: 400;\">PROBLEEMILAHENDUS\u00a0(III - 5.1. Tehniliste probleemide lahendamine)<\/span><\/li>\n<\/ul>\n<hr \/>\n<h3><b>N\u00e4ide 3: \u201cMina ja \u00f5ppimine\u201d<\/b><\/h3>\n<p>Eesm\u00e4rk: \u00f5ppimisharjumuste kujundamine e-portfoolio kasutamise abil.<\/p>\n<ol>\n<li style=\"font-weight: 400;\"><span style=\"font-weight: 400;\">\u00d5pilane loob isikliku ajaveebi \u00a0(<\/span><a href=\"http:\/\/kidblog.org\/home\/\"><span style=\"font-weight: 400;\"> Kidblog<\/span><\/a><span style=\"font-weight: 400;\">,<\/span><a href=\"https:\/\/www.blogger.com\"><span style=\"font-weight: 400;\"> Blogger<\/span><\/a><span style=\"font-weight: 400;\"> \u00a0v\u00f5i <\/span><a href=\"https:\/\/wordpress.com\/\"><span style=\"font-weight: 400;\">WordPress<\/span><\/a><span style=\"font-weight: 400;\"> keskkonnas. <\/span><\/li>\n<li style=\"font-weight: 400;\"><span style=\"font-weight: 400;\">R\u00fchmat\u00f6\u00f6 tulemusena valmib ideekaart (nt. <\/span><a href=\"https:\/\/www.mindomo.com\/\"><span style=\"font-weight: 400;\">MIndomo<\/span><\/a><span style=\"font-weight: 400;\">, <\/span><a href=\"https:\/\/cacoo.com\/\"><span style=\"font-weight: 400;\">Cacoo <\/span><\/a><span style=\"font-weight: 400;\">) teemal \u201cKool ja \u00f5ppimine\u201d. <\/span><\/li>\n<li style=\"font-weight: 400;\"><span style=\"font-weight: 400;\">Ideekaardi p\u00f5hjal kirjutavad \u00f5pilased teemal teksti, mille postitavad blogisse ja lisavad sinna sobiva foto oma koolip\u00e4evast. <\/span><\/li>\n<li style=\"font-weight: 400;\"><span style=\"font-weight: 400;\">Kaas\u00f5pilased annavad tagasisidet. <\/span><\/li>\n<li style=\"font-weight: 400;\"><span style=\"font-weight: 400;\">Ajaveebi kasutataks edaspidi e-portfooliona, kuhu \u00f5pilased koguvad oma loovt\u00f6id ja teisi \u00fclesandeid. <\/span><\/li>\n<\/ol>\n<p><strong>Digip\u00e4devuste osaoskused:<\/strong><\/p>\n<ul>\n<li style=\"font-weight: 400;\"><span style=\"font-weight: 400;\">INFO (III - 1.2. Info hindamine)<\/span><\/li>\n<li style=\"font-weight: 400;\"><span style=\"font-weight: 400;\">SUHTLUS (III - 2.1. Suhtlemine digivahenditega, III - 2.2. Info ja sisu jagamine, III - 2.4. Koost\u00f6\u00f6 digitehnoloogia toel, III - 2.6. Digitaalse identiteedi haldamine)<\/span><\/li>\n<li style=\"font-weight: 400;\"><span style=\"font-weight: 400;\">SISULOOME (III - 3.1. Digitaalne sisuloome, III - 3.2. Uue teadmise loomine, III - 3.3. Autori\u00f5igus ja litsentsid)<\/span><\/li>\n<li style=\"font-weight: 400;\"><span style=\"font-weight: 400;\">TURVALISUS\u00a0(III - 4.1. Seadmete kaitsmine)<\/span><\/li>\n<\/ul>\n<hr \/>\n<h2>B-v\u00f5\u00f5rkeel<\/h2>\n<h3><b>N\u00e4ide 1: \u201cKodukoha vaatamisv\u00e4\u00e4rsused\u201d<\/b><\/h3>\n<p>Eesm\u00e4rk: \u00f5pilane omandab s\u00f5navara, mille abil suudab jutustada oma kodukohast ja vaatamisv\u00e4\u00e4rsustest.<\/p>\n<ol>\n<li style=\"font-weight: 400;\"><span style=\"font-weight: 400;\">\u00d5pilased t\u00f6\u00f6tavad v\u00e4ikestes r\u00fchmades. R\u00fchmad moodustatakse elektrooniliselt (nt. <\/span><a href=\"http:\/\/teamup.aalto.fi\"><span style=\"font-weight: 400;\">TeamUp<\/span><\/a><span style=\"font-weight: 400;\">, <\/span><a href=\"http:\/\/www.classtools.net\/random-name-picker\/\"><span style=\"font-weight: 400;\">\u00d5nneratas)<\/span><\/a><span style=\"font-weight: 400;\">. <\/span><\/li>\n<li style=\"font-weight: 400;\"><span style=\"font-weight: 400;\">\u00d5pilaste \u00fclesandeks on v\u00e4lja valida enda kodukoha 5 vaatamisv\u00e4\u00e4rsust ning tutvustada neid videoklippide abil. Videod filmitakse \u00f5pilaste nutiseadmetega. <\/span><\/li>\n<li style=\"font-weight: 400;\"><span style=\"font-weight: 400;\">Valminud videod lisatakse YouTube\u2019i keskkonda ning lisatakse\u00a0\u00fchisesse e-raamatusse (nt. <\/span><a href=\"http:\/\/cliptomize.com\/\"><span style=\"font-weight: 400;\">Cliptomize<\/span><\/a><span style=\"font-weight: 400;\"> ja <\/span><a href=\"http:\/\/e-raamat.weebly.com\/\"><span style=\"font-weight: 400;\">veel<\/span><\/a><span style=\"font-weight: 400;\">).<\/span><\/li>\n<li style=\"font-weight: 400;\"><span style=\"font-weight: 400;\">E-raamatuid saab jagada nt. projektipartneritega, teiste \u00f5pilastega, lastevanematega.<\/span><\/li>\n<\/ol>\n<p><strong>Digip\u00e4devuste osaoskused:<\/strong><\/p>\n<ul>\n<li style=\"font-weight: 400;\"><span style=\"font-weight: 400;\">INFO (III - 1.2. Info hindamine, III - 1.3. Info salvestamine ja taasesitamine)<\/span><\/li>\n<li style=\"font-weight: 400;\"><span style=\"font-weight: 400;\">SUHTLUS\u00a0(III - 2.2. Info ja sisu jagamine, III - 2.4. Koost\u00f6\u00f6 digitehnoloogia toel)<\/span><\/li>\n<li style=\"font-weight: 400;\"><span style=\"font-weight: 400;\">SISULOOME (III - 3.3. Autori\u00f5igus ja litsentsid)<\/span><\/li>\n<li style=\"font-weight: 400;\"><span style=\"font-weight: 400;\">TURVALISUS\u00a0(III - 4.1. Seadmete kaitsmine)<\/span><\/li>\n<li style=\"font-weight: 400;\"><span style=\"font-weight: 400;\">PROBLEEMILAHENDUS (III - 5.2. Vajaduste v\u00e4ljaselgitamine ja neile tehnoloogiliste lahenduste leidmine)<\/span><\/li>\n<\/ul>\n<hr \/>\n<h3><b>N\u00e4ide 2: \u201c\u00d5pitavat keelt k\u00f5nelevate maade kultuur\u201d<\/b><\/h3>\n<p>Eesm\u00e4rk: \u00f5pilane tutvub erinevate riikide kultuuriga.<\/p>\n<ol>\n<li style=\"font-weight: 400;\"><span style=\"font-weight: 400;\">\u00d5pilane otsib veebist infot \u00f5pitavat keelt k\u00f5nelevate maade v\u00e4ljapaistvate kultuuritegelaste kohta.<\/span><\/li>\n<li style=\"font-weight: 400;\"><span style=\"font-weight: 400;\">\u00d5pilased t\u00f6\u00f6tavad v\u00e4ikestes r\u00fchmades. R\u00fchmad moodustatakse elektrooniliselt (nt. <\/span><a href=\"http:\/\/teamup.aalto.fi\"><span style=\"font-weight: 400;\">TeamUp<\/span><\/a><span style=\"font-weight: 400;\">, <\/span><a href=\"http:\/\/www.classtools.net\/random-name-picker\/\"><span style=\"font-weight: 400;\">\u00d5nneratas)<\/span><\/a><span style=\"font-weight: 400;\">.<\/span><\/li>\n<li style=\"font-weight: 400;\"><span style=\"font-weight: 400;\">R\u00fchmat\u00f6\u00f6na koostatakse k\u00fcsimused.<\/span><\/li>\n<li style=\"font-weight: 400;\"><span style=\"font-weight: 400;\">\u00dcks r\u00fchma esindaja loob konto <\/span><a href=\"https:\/\/getkahoot.com\/\"><span style=\"font-weight: 400;\">Kahoot\u2019i<\/span><\/a><span style=\"font-weight: 400;\"> v\u00f5i <\/span><a href=\"http:\/\/quizizz.com\/\"><span style=\"font-weight: 400;\">Quizizz\u2019e<\/span><\/a><span style=\"font-weight: 400;\"> keskkonnas ning loob m\u00e4ngu.<\/span><\/li>\n<li style=\"font-weight: 400;\"><span style=\"font-weight: 400;\">M\u00e4ngude lingid saadetakse \u00f5petajale.<\/span><\/li>\n<li style=\"font-weight: 400;\"><span style=\"font-weight: 400;\">J\u00e4rgmine tund on m\u00e4ngutund. Tunni l\u00f5pus annavad \u00f5pilased tagasisidet teiste r\u00fchmade m\u00e4ngudele <\/span><a href=\"https:\/\/padlet.com\/\"><span style=\"font-weight: 400;\">(Padlet<\/span><\/a><span style=\"font-weight: 400;\">, <\/span><a href=\"http:\/\/en.linoit.com\/\"><span style=\"font-weight: 400;\">Linoit<\/span><\/a><span style=\"font-weight: 400;\">).<\/span><\/li>\n<\/ol>\n<p><strong>Digip\u00e4devuste osaoskused:<\/strong><\/p>\n<ul>\n<li style=\"font-weight: 400;\"><span style=\"font-weight: 400;\">INFO (III - 1.1. Info otsimine ja sirvimine, III - 1.3. Info salvestamine ja taasesitamine)<\/span><\/li>\n<li style=\"font-weight: 400;\"><span style=\"font-weight: 400;\">SUHTLUS (III - 2.2. Info ja sisu jagamine, III - 2.4. Koost\u00f6\u00f6 digitehnoloogia toel, III - 2.6. Digitaalse identiteedi haldamine)<\/span><\/li>\n<li style=\"font-weight: 400;\"><span style=\"font-weight: 400;\">SISULOOME\u00a0(III - 3.3. Autori\u00f5igus ja litsentsid)<\/span><\/li>\n<li style=\"font-weight: 400;\"><span style=\"font-weight: 400;\">TURVALISUS (III - 4.1. Seadmete kaitsmine)<\/span><\/li>\n<\/ul>\n<p style=\"text-align: left;\"><strong>N\u00e4idete\u00a0autorid:\u00a0<\/strong>Aimi J\u00f5esalu (P\u00f5lva P\u00f5hikool),\u00a0Juta-Tiia M\u00e4gi (Gustav Adolfi G\u00fcmnaasium),\u00a0Meeri Sild (Tallinna Lillek\u00fcla G\u00fcmnaasium)<\/p>\n","protected":false},"excerpt":{"rendered":"<p>A-v\u00f5\u00f5rkeel N\u00e4ide 1: \u201cKodukoha vaatamisv\u00e4\u00e4rsused\u201d Eesm\u00e4rk: arendada \u00f5pilaste esitlusoskust v\u00f5\u00f5rkeeles. \u00d5pilased t\u00f6\u00f6tavad v\u00e4ikestes r\u00fchmades. R\u00fchmad moodustatakse elektrooniliselt (nt. TeamUp, \u00d5nneratas). \u00d5pilaste \u00fclesandeks on v\u00e4lja valida enda kodukoha 5 vaatamisv\u00e4\u00e4rsust ning tutvustada neid l\u00e4bi videoklippide.\u00a0 Videod filmitakse \u00f5pilaste nutiseadmetega. Valminud videod lisatakse YouTube\u2019i keskkonda ning lingitakse \u00fchisele interaktiivsele kaardile (nt. GoogleMaps, Thinglink) Interaktiivset kaarti saab jagada <a class=\"read-more\" href=\"https:\/\/oppevara.edu.ee\/opilood\/oppekava-digipadevuse-naited\/voorkeeled\/iii-kooliaste-voorkeeled\/\">...continue reading <span class=\"meta-nav\">&rarr;<\/span><\/a><\/p>\n","protected":false},"author":3,"featured_media":0,"parent":514,"menu_order":3,"comment_status":"closed","ping_status":"closed","template":"page-templates\/full-width.php","meta":[],"_links":{"self":[{"href":"https:\/\/oppevara.edu.ee\/opilood\/wp-json\/wp\/v2\/pages\/639"}],"collection":[{"href":"https:\/\/oppevara.edu.ee\/opilood\/wp-json\/wp\/v2\/pages"}],"about":[{"href":"https:\/\/oppevara.edu.ee\/opilood\/wp-json\/wp\/v2\/types\/page"}],"author":[{"embeddable":true,"href":"https:\/\/oppevara.edu.ee\/opilood\/wp-json\/wp\/v2\/users\/3"}],"replies":[{"embeddable":true,"href":"https:\/\/oppevara.edu.ee\/opilood\/wp-json\/wp\/v2\/comments?post=639"}],"version-history":[{"count":15,"href":"https:\/\/oppevara.edu.ee\/opilood\/wp-json\/wp\/v2\/pages\/639\/revisions"}],"predecessor-version":[{"id":1411,"href":"https:\/\/oppevara.edu.ee\/opilood\/wp-json\/wp\/v2\/pages\/639\/revisions\/1411"}],"up":[{"embeddable":true,"href":"https:\/\/oppevara.edu.ee\/opilood\/wp-json\/wp\/v2\/pages\/514"}],"wp:attachment":[{"href":"https:\/\/oppevara.edu.ee\/opilood\/wp-json\/wp\/v2\/media?parent=639"}],"curies":[{"name":"wp","href":"https:\/\/api.w.org\/{rel}","templated":true}]}}