{"id":539,"date":"2016-03-18T10:18:22","date_gmt":"2016-03-18T08:18:22","guid":{"rendered":"http:\/\/oppevara.hitsa.ee\/opilood\/?page_id=539"},"modified":"2016-07-25T09:01:22","modified_gmt":"2016-07-25T07:01:22","slug":"i-kooliaste-matemaatika","status":"publish","type":"page","link":"https:\/\/oppevara.edu.ee\/opilood\/oppekava-digipadevuse-naited\/matemaatika\/i-kooliaste-matemaatika\/","title":{"rendered":"Matemaatika &#8211; I kooliaste"},"content":{"rendered":"<h2>1. klass<\/h2>\n<h3><b>N\u00e4ide 1:\u00a0<\/b><b>Peastarvutamine<\/b><\/h3>\n<p><span style=\"font-weight: 400;\">Eesm\u00e4rk: peastarvutamise treenimine, isikliku konto haldamine<\/span><\/p>\n<p>Konto loomine ja selle haldamine peastarvutamise harjutamiseks sobivates keskkondades. \u00d5petaja (lapsevanem) loob \u00f5pilastele kontod, \u00f5pilane \u00f5pib hoidma oma kontoandmeid turvaliselt (nutitelefonis, \u00f5pilasp\u00e4evikus, ...).<\/p>\n<p><span style=\"font-weight: 400;\">N\u00e4ited keskkondadest: <\/span><\/p>\n<ul>\n<li><span style=\"font-weight: 400;\">Matetalgud <\/span><a href=\"https:\/\/www.10monkeys.com\/ee\/\"><span style=\"font-weight: 400;\">https:\/\/www.10monkeys.com\/ee\/<\/span><\/a><span style=\"font-weight: 400;\"> (tasuta ajapiiranguga\/tasuline ajapiiranguta)<\/span><\/li>\n<li><span style=\"font-weight: 400;\">Nutisport <\/span><a href=\"http:\/\/nutisport.eu\/\"><span style=\"font-weight: 400;\">http:\/\/nutisport.eu\/<\/span><\/a><span style=\"font-weight: 400;\"> (v\u00f5istlemine on tasuline, treenida saab tasuta)<\/span><\/li>\n<li><span style=\"font-weight: 400;\">Miksike <\/span><a href=\"http:\/\/www.miksike.ee\/\"><span style=\"font-weight: 400;\">http:\/\/www.miksike.ee\/<\/span><\/a><span style=\"font-weight: 400;\"> (v\u00f5istlemine on tasuline, treenida saab tasuta)<\/span><\/li>\n<li><span style=\"font-weight: 400;\">World Maths Day <\/span><a href=\"http:\/\/www.3plearning.com\/worldeducationgames\/\"><span style=\"font-weight: 400;\">http:\/\/www.3plearning.com\/worldeducationgames\/<\/span><\/a><span style=\"font-weight: 400;\"> (v\u00f5istlus on tasuta)<\/span><\/li>\n<\/ul>\n<p><b>Digip\u00e4devuste osaoskused:<\/b><\/p>\n<ul>\n<li style=\"font-weight: 400;\">INFO (I - 1.1. Info otsimine ja sirvimine, I - 1.2. Info hindamine)<\/li>\n<li style=\"font-weight: 400;\"><span style=\"font-weight: 400;\">TURVALISUS (I - 4.2. Isikuandmete kaitsmine, I - 4.3. Tervise kaitsmine)<\/span><\/li>\n<\/ul>\n<hr \/>\n<h3><b>N\u00e4ide 2:\u00a0<\/b><b>Peastavutamine<\/b><\/h3>\n<p><span style=\"font-weight: 400;\">Eesm\u00e4rk: Peastarvutamise treenimine<\/span><\/p>\n<p><span style=\"font-weight: 400;\">Koost\u00f6\u00f6m\u00e4ngud: info otsimine, konto haldamine, parooli jagamine. \u00d5pilane otsib eakohase m\u00e4ngu \u00f5petaja juhiste p\u00f5hjal, n\u00e4iteks harjutatakse liitmist. \u00d5pilastel tuleb leida liitmise harjutamiseks m\u00e4ng \u201cTug Team\u201d. Sarnaseid m\u00e4nge on ka lahutamise ja korrutamise kohta. Lapsel tuleb leitut hinnata.<\/span><\/p>\n<p><span style=\"font-weight: 400;\">\u00d5pilased loovad koost\u00f6\u00f6 eesm\u00e4rgil m\u00e4ngule salas\u00f5na ning jagab seda kaasm\u00e4ngijatele. <\/span><\/p>\n<p><span style=\"font-weight: 400;\">N\u00e4ited keskkondadest:<\/span><\/p>\n<ul>\n<li style=\"text-align: left;\"><span style=\"font-weight: 400;\"><a href=\"http:\/\/www.mathplayground.com\/\">http:\/\/www.mathplayground.com\/<\/a>\u00a0(<\/span><span style=\"font-weight: 400;\">N\u00e4ide m\u00e4ngust:\u00a0<\/span><span style=\"font-weight: 400;\"><a href=\"http:\/\/www.mathplayground.com\/ASB_TugTeamAddition.html\">http:\/\/www.mathplayground.com\/ASB_TugTeamAddition.html<\/a>)<\/span><\/li>\n<li style=\"text-align: left;\"><span style=\"font-weight: 400;\"><a href=\"http:\/\/www.arcademics.com\/games\/\">http:\/\/www.arcademics.com\/games\/<\/a>\u00a0(<\/span><span style=\"font-weight: 400;\">N\u00e4ide m\u00e4ngust:\u00a0<\/span><span style=\"font-weight: 400;\"><a href=\"http:\/\/www.arcademics.com\/games\/jet-ski\/jet-ski.html\">http:\/\/www.arcademics.com\/games\/jet-ski\/jet-ski.html<\/a>)<\/span><\/li>\n<\/ul>\n<p><b>Digip\u00e4devuste osaoskused:<\/b><\/p>\n<ul>\n<li style=\"font-weight: 400;\">INFO (I - 1.1. Info otsimine ja sirvimine, I - 1.2. Info hindamine)<\/li>\n<li style=\"font-weight: 400;\"><span style=\"font-weight: 400;\">SUHTLUS (I - 2.1. Suhtlemine digivahenditega, I - 2.2. Info ja sisu jagamine, I - 2.4. Koost\u00f6\u00f6 digitehnoloogia toel)<\/span><\/li>\n<li style=\"font-weight: 400;\"><span style=\"font-weight: 400;\">TURVALISUS (I - 4.2. Isikuandmete kaitsmine, I - 4.3. Tervise kaitsmine)<\/span><\/li>\n<\/ul>\n<hr \/>\n<h3><b>N\u00e4ide 3:\u00a0<\/b><b>Geomeetrilised kujundid<\/b><\/h3>\n<p><span style=\"font-weight: 400;\"><strong>Eesm\u00e4rk:<\/strong> ruumis orienteerumine, tabelt\u00f6\u00f6tlusprogrammiga tutvumine, tabelis orienteerumine, andmete sisestamine<\/span><\/p>\n<p>Tabelt\u00f6\u00f6tlusprogrammiga (nt MS Excel, Libre Office Calc) tutvumine. M\u00f5isted: rida, tulp, veerg, lahter, j\u00e4rgarvud. Programmi avamine. Etteantud lahtrite v\u00e4rvimine, etteantud lahtritesse info sisestamine \u00f5petaja juhendamise j\u00e4rgi. Hiljem v\u00f5ib teha ka \u00f5pilase juhendamise j\u00e4rgi.<\/p>\n<p><span style=\"font-weight: 400;\">N\u00e4ited \u00fclesannetest:<\/span><\/p>\n<ul>\n<li>V\u00e4rvi lahtreid nii, et moodustuks pilt.<\/li>\n<li><span style=\"font-weight: 400;\">V\u00e4rvi lahter A5 punaseks, kirjuta lahtrisse B2 oma \u00f5petaja poolt kirjeldatud\/n\u00e4idatud kujund.<\/span><\/li>\n<\/ul>\n<p><a href=\"http:\/\/oppevara.hitsa.ee\/opilood\/wp-content\/uploads\/2016\/03\/excelmaja.png\" rel=\"attachment wp-att-541\"><img loading=\"lazy\" class=\"alignnone size-medium wp-image-541\" src=\"http:\/\/oppevara.hitsa.ee\/opilood\/wp-content\/uploads\/2016\/03\/excelmaja-300x188.png\" alt=\"excelmaja\" width=\"300\" height=\"188\" srcset=\"https:\/\/oppevara.edu.ee\/opilood\/wp-content\/uploads\/2016\/03\/excelmaja-300x188.png 300w, https:\/\/oppevara.edu.ee\/opilood\/wp-content\/uploads\/2016\/03\/excelmaja-768x480.png 768w, https:\/\/oppevara.edu.ee\/opilood\/wp-content\/uploads\/2016\/03\/excelmaja-1024x640.png 1024w, https:\/\/oppevara.edu.ee\/opilood\/wp-content\/uploads\/2016\/03\/excelmaja-960x600.png 960w, https:\/\/oppevara.edu.ee\/opilood\/wp-content\/uploads\/2016\/03\/excelmaja.png 1280w\" sizes=\"(max-width: 300px) 100vw, 300px\" \/><\/a><a href=\"http:\/\/oppevara.hitsa.ee\/opilood\/wp-content\/uploads\/2016\/03\/excellahtrid.png\" rel=\"attachment wp-att-542\"><img loading=\"lazy\" class=\"alignnone size-medium wp-image-542\" src=\"http:\/\/oppevara.hitsa.ee\/opilood\/wp-content\/uploads\/2016\/03\/excellahtrid-300x188.png\" alt=\"excellahtrid\" width=\"300\" height=\"188\" srcset=\"https:\/\/oppevara.edu.ee\/opilood\/wp-content\/uploads\/2016\/03\/excellahtrid-300x188.png 300w, https:\/\/oppevara.edu.ee\/opilood\/wp-content\/uploads\/2016\/03\/excellahtrid-768x480.png 768w, https:\/\/oppevara.edu.ee\/opilood\/wp-content\/uploads\/2016\/03\/excellahtrid-1024x640.png 1024w, https:\/\/oppevara.edu.ee\/opilood\/wp-content\/uploads\/2016\/03\/excellahtrid-960x600.png 960w, https:\/\/oppevara.edu.ee\/opilood\/wp-content\/uploads\/2016\/03\/excellahtrid.png 1280w\" sizes=\"(max-width: 300px) 100vw, 300px\" \/><\/a><\/p>\n<p><span style=\"font-weight: 400;\">Oma t\u00f6\u00f6 salvestamine nimega: \u00a0NIMI_tabel<\/span><\/p>\n<p><b>Digip\u00e4devuste osaoskused:<\/b><\/p>\n<ul>\n<li style=\"font-weight: 400;\"><span style=\"font-weight: 400;\">INFO (I - 1.3. Info salvestamine ja taasesitamine)<\/span><\/li>\n<li style=\"font-weight: 400;\"><span style=\"font-weight: 400;\">SISULOOME (I - 3.1. Digitaalne sisuloome, I - 3.2. Uue teadmise loomine)<\/span><\/li>\n<li style=\"font-weight: 400;\"><span style=\"font-weight: 400;\">TURVALISUS (I - 4.3. Tervise kaitsmine)<\/span><\/li>\n<\/ul>\n<hr \/>\n<h3>N\u00e4ide 4:\u00a0Matemaatiline jutuke, tekst\u00fclesanne<\/h3>\n<p><strong>Eesm\u00e4rk:<\/strong> tekst\u00fclesannete kirjutamine etteantud andmete p\u00f5hjal.<\/p>\n<p><span style=\"font-weight: 400;\">Tekst\u00fclesande kirjutamine tekstit\u00f6\u00f6tlusprogrammiga, selle lahendamine ja l\u00f5ikepildi lisamine.<\/span><\/p>\n<p><span style=\"font-weight: 400;\">N\u00e4ide \u00fclesandest: Kirjuta tekst\u00fclesanne Eesti s\u00fcnnip\u00e4eva kohta (<\/span><span style=\"font-weight: 400;\">font Arial, suurus 16<\/span><span style=\"font-weight: 400;\">). <\/span><\/p>\n<p><span style=\"font-weight: 400;\">N\u00e4ited \u00f5pilaste \u00fclesannetest:<\/span><\/p>\n<ul>\n<li><span style=\"font-weight: 400;\">Paraadil oli \u00a06 lennukit ja 9 tanki. Mitu masinat oli kokku?<\/span><\/li>\n<li><span style=\"font-weight: 400;\">T\u00e4nava \u00fchel poolel oli 8 lippu ja teisel poolel 9 lippu. Mitu lippu oli kokku?<\/span><\/li>\n<li><span style=\"font-weight: 400;\">Isa puhus t\u00e4is 4 sinist, 5 musta ja 5 valget \u00f5hupalli. Mitu \u00f5hupalli isa t\u00e4is puhus?<\/span><\/li>\n<\/ul>\n<p><span style=\"font-weight: 400;\">Oma t\u00f6\u00f6le sobiva l\u00f5ikepildi lisamine. Oma t\u00f6\u00f6 salvestamine kausta \u00a0MATEMAATIKA nimega Nimi_tekst<\/span><\/p>\n<p><b>Digip\u00e4devuste osaoskused:<\/b><\/p>\n<ul>\n<li style=\"font-weight: 400;\"><span style=\"font-weight: 400;\">INFO (I - 1.3. Info salvestamine ja taasesitamine)<\/span><\/li>\n<li style=\"font-weight: 400;\"><span style=\"font-weight: 400;\">SISULOOME (I - 3.1. Digitaalne sisuloome, I - 3.2. Uue teadmise loomine)<\/span><\/li>\n<li style=\"font-weight: 400;\"><span style=\"font-weight: 400;\">TURVALISUS (I - 4.3. Tervise kaitsmine)<\/span><\/li>\n<\/ul>\n<hr \/>\n<h2>2. klass<\/h2>\n<h3><b>N\u00e4ide 1:\u00a0<\/b><b>Matemaatiline jutuke, tekst\u00fclesanne, programmeerimine<\/b><\/h3>\n<p>Hour of Code, Scratch Jr (Android, iPad)<\/p>\n<p style=\"text-align: left;\"><span style=\"font-weight: 400;\">Valik linke progemiseks:\u00a0<\/span><a href=\"http:\/\/www.makebuttons.co.uk\/en\/ibs\/veebikorraldaja\/progemine\"><span style=\"font-weight: 400;\">http:\/\/www.makebuttons.co.uk\/en\/ibs\/veebikorraldaja\/progemine<\/span><\/a><\/p>\n<p><strong>Eesm\u00e4rk:<\/strong> Tekst\u00fclesande loomine ja animeerimine<\/p>\n<p><span style=\"font-weight: 400;\">\u00d5pilane loob \u00a0tekst\u00fclesande animatsioonina (n\u00e4iteks lahutamine 100 piires v\u00f5i konkreetne tehe), kus tegelased annavad \u00fclesande ja lahendavad selle. Viimase osa v\u00f5ib lasta teha klassikaaslasel.<\/span><\/p>\n<p><span style=\"font-weight: 400;\">N\u00e4ide \u00fclesandest: ette on antud tehe 76 - 39. \u00a0<\/span><\/p>\n<p><b>Digip\u00e4devuste osaoskused:<\/b><\/p>\n<ul>\n<li style=\"font-weight: 400;\"><span style=\"font-weight: 400;\">SISULOOME (I - 3.1. Digitaalne sisuloome, I - 3.2. Uue teadmise loomine, I - 3.4. Programmeerimine)<\/span><\/li>\n<li style=\"font-weight: 400;\"><span style=\"font-weight: 400;\">TURVALISUS (I - 4.3. Tervise kaitsmine)<\/span><\/li>\n<li style=\"font-weight: 400;\"><span style=\"font-weight: 400;\">PROBLEEMILAHENDUS (I - 5.3. Innovatsioon ja tehnoloogia loov kasutamine)<\/span><\/li>\n<\/ul>\n<hr \/>\n<h3>N\u00e4ide 2:\u00a0Andmete kogumine, graafiline esitamine, anal\u00fc\u00fcs ja j\u00e4relduste tegemine<\/h3>\n<p>\u00d5petaja selgitab, kuidas saab tulemusi graafiliselt kujutada veebilehe Ptolemy Co (<a href=\"http:\/\/www.ptolemy.co.uk\/furbles08\" target=\"_blank\">http:\/\/www.ptolemy.co.uk\/furbles08<\/a>) abil.<\/p>\n<p>\u00d5pilased koguvad andmeid teatud teema kohta (nt klassikaaslaste lemmikv\u00e4rv, lemmikloom jne). Selleks tehakse tabel klassikaaslaste nimedega.\u00a0<span style=\"font-weight: 400;\">Kui andmed on kogutud, sisestatakse andmed \u00a0kas tabelt\u00f6\u00f6tlusprogrammi (Nt MS Excel, Libre Office Calc) \u00a0v\u00f5i veebilehele Kid's Zone Greate a Graph (<\/span><span style=\"font-weight: 400;\"><a href=\"https:\/\/nces.ed.gov\/nceskids\/createagraph\/\">https:\/\/nces.ed.gov\/nceskids\/createagraph\/<\/a>)<\/span><span style=\"font-weight: 400;\"> ja koostatakse diagramm. Saadud diagrammi saab saata \u00f5petaja mailile v\u00f5i salvestada arvutisse. P\u00e4rast tutvustatakse oma t\u00f6\u00f6 tulemusi klassikaaslastele.<\/span><\/p>\n<p><b>Digip\u00e4devuste osaoskused:<\/b><\/p>\n<ul>\n<li style=\"font-weight: 400;\"><span style=\"font-weight: 400;\">SISULOOME (I - 3.1. Digitaalne sisuloome, I - 3.2. Uue teadmise loomine)<\/span><\/li>\n<li style=\"font-weight: 400;\">TURVALISUS (I - 4.3. Tervise kaitsmine)<\/li>\n<li style=\"font-weight: 400;\"><span style=\"font-weight: 400;\">PROBLEEMILAHENDUS (I - 5.3. Innovatsioon ja tehnoloogia loov kasutamine)<\/span><\/li>\n<\/ul>\n<hr \/>\n<h2>3. klass<\/h2>\n<h3><b>N\u00e4ide 1:\u00a0<\/b><b>Matemaatiliste m\u00e4ngude loomine - kordamine, kinnistamine<\/b><\/h3>\n<p><span style=\"font-weight: 400;\">\u00d5pilased loovad r\u00fchmat\u00f6\u00f6na matemaatilise m\u00e4ngu ning jagavad seda klassikaaslastele m\u00e4ngimiseks.<\/span><\/p>\n<p>M\u00e4ngude loomise keskkonnad:<\/p>\n<ul>\n<li><span style=\"font-weight: 400;\">Jeopardy Rocks <\/span><a href=\"https:\/\/www.jeopardy.rocks\/\"><span style=\"font-weight: 400;\">https:\/\/www.jeopardy.rocks\/<\/span><\/a><\/li>\n<li><span style=\"font-weight: 400;\">Jeopardy Lab <\/span><span style=\"font-weight: 400;\"><a href=\"https:\/\/jeopardylabs.com\/account\/login\/\">https:\/\/jeopardylabs.com<\/a>\u00a0(juhend:\u00a0<a href=\"http:\/\/koolielu.ee\/tools\/read\/36729\" target=\"_blank\">http:\/\/koolielu.ee\/tools\/read\/36729<\/a>)<\/span><\/li>\n<li><span style=\"font-weight: 400;\">Learningapps <\/span><span style=\"font-weight: 400;\"><a href=\"http:\/\/learningapps.org\/\">http:\/\/learningapps.org\/<\/a>\u00a0(juhend:\u00a0<a href=\"http:\/\/koolielu.ee\/tools\/read\/149438\" target=\"_blank\">http:\/\/koolielu.ee\/tools\/read\/149438<\/a>)<\/span><\/li>\n<\/ul>\n<p><b><\/b>Loodud m\u00e4ngude n\u00e4ited:<\/p>\n<ul>\n<li><span style=\"font-weight: 400;\">M\u00f5\u00f5t\u00fchikud <\/span><a href=\"http:\/\/learningapps.org\/722609\"><span style=\"font-weight: 400;\">http:\/\/LearningApps.org\/722609<\/span><\/a><\/li>\n<li><span style=\"font-weight: 400;\">M\u00f5\u00f5t\u00fchikud <\/span><a href=\"http:\/\/learningapps.org\/720012\"><span style=\"font-weight: 400;\">http:\/\/LearningApps.org\/720012<\/span><\/a><\/li>\n<li><span style=\"font-weight: 400;\">Arvu koostis <\/span><a href=\"http:\/\/learningapps.org\/1818115\"><span style=\"font-weight: 400;\">http:\/\/LearningApps.org\/1818115<\/span><\/a><\/li>\n<\/ul>\n<p><b>Digip\u00e4devuste osaoskused:<\/b><\/p>\n<ul>\n<li style=\"font-weight: 400;\">INFO (I - 1.3. Info salvestamine ja taasesitamine)<\/li>\n<li style=\"font-weight: 400;\">SUHTLUS (I - 2.4. Koost\u00f6\u00f6 digitehnoloogia toel)<\/li>\n<li style=\"font-weight: 400;\"><span style=\"font-weight: 400;\">SISULOOME (I - 3.1. Digitaalne sisuloome, I - 3.2. Uue teadmise loomine, I - 3.3. Autori\u00f5igus ja litsentsid)<\/span><\/li>\n<li style=\"font-weight: 400;\"><span style=\"font-weight: 400;\">TURVALISUS (I - 4.2. Isikuandmete kaitsmine, I - 4.3. Tervise kaitsmine)<\/span><\/li>\n<li style=\"font-weight: 400;\"><span style=\"font-weight: 400;\">PROBLEEMILAHENDUS (I - 5.3. Innovatsioon ja tehnoloogia loov kasutamine)<\/span><\/li>\n<\/ul>\n<p><strong>N\u00e4idete autorid:\u00a0<\/strong>Tuuli Koitj\u00e4rv (Tallinna Vanalinna Haridustekolleegium),\u00a0Kristi Rahn (Gustav Adolfi G\u00fcmnaasium),\u00a0Tiia Salm (J\u00e4neda Kool)<\/p>\n","protected":false},"excerpt":{"rendered":"<p>1. klass N\u00e4ide 1:\u00a0Peastarvutamine Eesm\u00e4rk: peastarvutamise treenimine, isikliku konto haldamine Konto loomine ja selle haldamine peastarvutamise harjutamiseks sobivates keskkondades. \u00d5petaja (lapsevanem) loob \u00f5pilastele kontod, \u00f5pilane \u00f5pib hoidma oma kontoandmeid turvaliselt (nutitelefonis, \u00f5pilasp\u00e4evikus, ...). N\u00e4ited keskkondadest: Matetalgud https:\/\/www.10monkeys.com\/ee\/ (tasuta ajapiiranguga\/tasuline ajapiiranguta) Nutisport http:\/\/nutisport.eu\/ (v\u00f5istlemine on tasuline, treenida saab tasuta) Miksike http:\/\/www.miksike.ee\/ (v\u00f5istlemine on tasuline, treenida saab <a class=\"read-more\" href=\"https:\/\/oppevara.edu.ee\/opilood\/oppekava-digipadevuse-naited\/matemaatika\/i-kooliaste-matemaatika\/\">...continue reading <span class=\"meta-nav\">&rarr;<\/span><\/a><\/p>\n","protected":false},"author":3,"featured_media":0,"parent":516,"menu_order":1,"comment_status":"closed","ping_status":"closed","template":"page-templates\/full-width.php","meta":[],"_links":{"self":[{"href":"https:\/\/oppevara.edu.ee\/opilood\/wp-json\/wp\/v2\/pages\/539"}],"collection":[{"href":"https:\/\/oppevara.edu.ee\/opilood\/wp-json\/wp\/v2\/pages"}],"about":[{"href":"https:\/\/oppevara.edu.ee\/opilood\/wp-json\/wp\/v2\/types\/page"}],"author":[{"embeddable":true,"href":"https:\/\/oppevara.edu.ee\/opilood\/wp-json\/wp\/v2\/users\/3"}],"replies":[{"embeddable":true,"href":"https:\/\/oppevara.edu.ee\/opilood\/wp-json\/wp\/v2\/comments?post=539"}],"version-history":[{"count":20,"href":"https:\/\/oppevara.edu.ee\/opilood\/wp-json\/wp\/v2\/pages\/539\/revisions"}],"predecessor-version":[{"id":1361,"href":"https:\/\/oppevara.edu.ee\/opilood\/wp-json\/wp\/v2\/pages\/539\/revisions\/1361"}],"up":[{"embeddable":true,"href":"https:\/\/oppevara.edu.ee\/opilood\/wp-json\/wp\/v2\/pages\/516"}],"wp:attachment":[{"href":"https:\/\/oppevara.edu.ee\/opilood\/wp-json\/wp\/v2\/media?parent=539"}],"curies":[{"name":"wp","href":"https:\/\/api.w.org\/{rel}","templated":true}]}}