{"id":527,"date":"2016-03-18T09:57:08","date_gmt":"2016-03-18T07:57:08","guid":{"rendered":"http:\/\/oppevara.hitsa.ee\/opilood\/?page_id=527"},"modified":"2016-05-27T17:27:16","modified_gmt":"2016-05-27T15:27:16","slug":"kehaline-kasvatus","status":"publish","type":"page","link":"https:\/\/oppevara.edu.ee\/opilood\/oppekava-digipadevuse-naited\/kehaline-kasvatus\/","title":{"rendered":"Kehaline kasvatus"},"content":{"rendered":"<h3>Ainevaldkonna digip\u00e4devus<\/h3>\n<h4>P\u00d5HIKOOL<\/h4>\n<p>Kehalises kasvatuses rakendatakse digivahendeid internetis spordi-, tervise- ja muu sportimiseks vajaliku teabe otsimiseks ning saadud teabe kasutamiseks eluliste probleemide \u00fcle arutledes ja hoiakuid kujundades. Rakendatakse tervislikke eluviise ning sportimist toetavaid digivahendeid ja rakendusi. Kujundatakse oskust m\u00e4\u00e4rata digivahenditega\u00a0 oma GPSi asukohta kaardi j\u00e4rgi ning salvestada liikumisteed. \u00d5pitakse hoidma oma digivahendeid turvaliselt. Digikeskkonnas suheldes kujundatakse koost\u00f6\u00f6oskusi, v\u00e4\u00e4rtushoiakuid ja turvalist tegutsemist.<\/p>\n<h4>G\u00dcMNAASIUM<\/h4>\n<p>Kehalises kasvatuses rakendatakse digivahendeid internetis spordi-, tervise- ja muu sportimiseks vajaliku teabe otsimiseks ning saadud teabe kasutamiseks eluliste probleemide \u00fcle arutledes ja hoiakuid kujundades. Rakendatakse tervislikke eluviise ning sportimist toetavaid digivahendeid ja rakendusi, sh m\u00f5\u00f5tmisvahendeid. Saadud teabe p\u00f5hjal osatakse hinnata oma kehalise vormisoleku taset. Kujundatakse oskust m\u00e4\u00e4rata digivahenditega oma GPSi asukohta kaardi j\u00e4rgi ning salvestada liikumisteed. \u00d5pitakse hoidma oma digivahendeid turvaliselt. Digikeskkonnas suheldes kujundatakse koost\u00f6\u00f6oskusi, v\u00e4\u00e4rtushoiakuid ja turvalist tegutsemist.<\/p>\n","protected":false},"excerpt":{"rendered":"<p>Ainevaldkonna digip\u00e4devus P\u00d5HIKOOL Kehalises kasvatuses rakendatakse digivahendeid internetis spordi-, tervise- ja muu sportimiseks vajaliku teabe otsimiseks ning saadud teabe kasutamiseks eluliste probleemide \u00fcle arutledes ja hoiakuid kujundades. Rakendatakse tervislikke eluviise ning sportimist toetavaid digivahendeid ja rakendusi. Kujundatakse oskust m\u00e4\u00e4rata digivahenditega\u00a0 oma GPSi asukohta kaardi j\u00e4rgi ning salvestada liikumisteed. \u00d5pitakse hoidma oma digivahendeid turvaliselt. Digikeskkonnas suheldes <a class=\"read-more\" href=\"https:\/\/oppevara.edu.ee\/opilood\/oppekava-digipadevuse-naited\/kehaline-kasvatus\/\">...continue reading <span class=\"meta-nav\">&rarr;<\/span><\/a><\/p>\n","protected":false},"author":3,"featured_media":0,"parent":509,"menu_order":8,"comment_status":"closed","ping_status":"closed","template":"","meta":[],"_links":{"self":[{"href":"https:\/\/oppevara.edu.ee\/opilood\/wp-json\/wp\/v2\/pages\/527"}],"collection":[{"href":"https:\/\/oppevara.edu.ee\/opilood\/wp-json\/wp\/v2\/pages"}],"about":[{"href":"https:\/\/oppevara.edu.ee\/opilood\/wp-json\/wp\/v2\/types\/page"}],"author":[{"embeddable":true,"href":"https:\/\/oppevara.edu.ee\/opilood\/wp-json\/wp\/v2\/users\/3"}],"replies":[{"embeddable":true,"href":"https:\/\/oppevara.edu.ee\/opilood\/wp-json\/wp\/v2\/comments?post=527"}],"version-history":[{"count":5,"href":"https:\/\/oppevara.edu.ee\/opilood\/wp-json\/wp\/v2\/pages\/527\/revisions"}],"predecessor-version":[{"id":1243,"href":"https:\/\/oppevara.edu.ee\/opilood\/wp-json\/wp\/v2\/pages\/527\/revisions\/1243"}],"up":[{"embeddable":true,"href":"https:\/\/oppevara.edu.ee\/opilood\/wp-json\/wp\/v2\/pages\/509"}],"wp:attachment":[{"href":"https:\/\/oppevara.edu.ee\/opilood\/wp-json\/wp\/v2\/media?parent=527"}],"curies":[{"name":"wp","href":"https:\/\/api.w.org\/{rel}","templated":true}]}}