{"id":525,"date":"2016-03-18T09:56:47","date_gmt":"2016-03-18T07:56:47","guid":{"rendered":"http:\/\/oppevara.hitsa.ee\/opilood\/?page_id=525"},"modified":"2016-05-27T17:26:43","modified_gmt":"2016-05-27T15:26:43","slug":"tehnoloogia","status":"publish","type":"page","link":"https:\/\/oppevara.edu.ee\/opilood\/oppekava-digipadevuse-naited\/tehnoloogia\/","title":{"rendered":"Tehnoloogia"},"content":{"rendered":"<h4>P\u00d5HIKOOL<\/h4>\n<p>Tehnoloogiaaineid \u00f5ppides kasutatakse digivahendeid teavet otsides, t\u00f6\u00f6d kavandades ja alternatiivseid lahendusi leides idee loomisest toote esitluseni \u00fcksinda v\u00f5i \u00fchiselt. Ollakse teadlik autori\u00f5iguste j\u00e4rgimise kohustusest digikeskkonnas. \u00d5pitakse kasutama valdkonna tarkvaralahendusi ning nendega seotud seadmeid. Suurendatakse teadlikkust digivahendite kasutamisega kaasneda v\u00f5ivatest terviseriskidest ja internetis loomingu jagamise turvalisusest.<\/p>\n","protected":false},"excerpt":{"rendered":"<p>P\u00d5HIKOOL Tehnoloogiaaineid \u00f5ppides kasutatakse digivahendeid teavet otsides, t\u00f6\u00f6d kavandades ja alternatiivseid lahendusi leides idee loomisest toote esitluseni \u00fcksinda v\u00f5i \u00fchiselt. Ollakse teadlik autori\u00f5iguste j\u00e4rgimise kohustusest digikeskkonnas. \u00d5pitakse kasutama valdkonna tarkvaralahendusi ning nendega seotud seadmeid. Suurendatakse teadlikkust digivahendite kasutamisega kaasneda v\u00f5ivatest terviseriskidest ja internetis loomingu jagamise turvalisusest.<\/p>\n","protected":false},"author":3,"featured_media":0,"parent":509,"menu_order":7,"comment_status":"closed","ping_status":"closed","template":"","meta":[],"_links":{"self":[{"href":"https:\/\/oppevara.edu.ee\/opilood\/wp-json\/wp\/v2\/pages\/525"}],"collection":[{"href":"https:\/\/oppevara.edu.ee\/opilood\/wp-json\/wp\/v2\/pages"}],"about":[{"href":"https:\/\/oppevara.edu.ee\/opilood\/wp-json\/wp\/v2\/types\/page"}],"author":[{"embeddable":true,"href":"https:\/\/oppevara.edu.ee\/opilood\/wp-json\/wp\/v2\/users\/3"}],"replies":[{"embeddable":true,"href":"https:\/\/oppevara.edu.ee\/opilood\/wp-json\/wp\/v2\/comments?post=525"}],"version-history":[{"count":3,"href":"https:\/\/oppevara.edu.ee\/opilood\/wp-json\/wp\/v2\/pages\/525\/revisions"}],"predecessor-version":[{"id":1242,"href":"https:\/\/oppevara.edu.ee\/opilood\/wp-json\/wp\/v2\/pages\/525\/revisions\/1242"}],"up":[{"embeddable":true,"href":"https:\/\/oppevara.edu.ee\/opilood\/wp-json\/wp\/v2\/pages\/509"}],"wp:attachment":[{"href":"https:\/\/oppevara.edu.ee\/opilood\/wp-json\/wp\/v2\/media?parent=525"}],"curies":[{"name":"wp","href":"https:\/\/api.w.org\/{rel}","templated":true}]}}