{"id":518,"date":"2016-03-18T09:54:41","date_gmt":"2016-03-18T07:54:41","guid":{"rendered":"http:\/\/oppevara.hitsa.ee\/opilood\/?page_id=518"},"modified":"2016-05-27T17:24:54","modified_gmt":"2016-05-27T15:24:54","slug":"loodusained","status":"publish","type":"page","link":"https:\/\/oppevara.edu.ee\/opilood\/oppekava-digipadevuse-naited\/loodusained\/","title":{"rendered":"Loodusained"},"content":{"rendered":"<p><strong>Loodusained: bioloogia, f\u00fc\u00fcsika, geograafia, keemia, loodus\u00f5petus <\/strong><\/p>\n<h4>P\u00d5HIKOOL<\/h4>\n<p>Loodusaineid \u00f5ppides kasutatakse digivahendeid internetis usaldusv\u00e4\u00e4rse ja asjakohase teabe otsimiseks ning andmete kogumiseks. \u00d5pitakse rakendama digitaalseid teabeallikaid ja saadud teabe p\u00f5hjal lahendama loodusteaduslikke probleeme ning arutlema keskkonnas toimuvate protsesside \u00fcle. Anal\u00fc\u00fcsitakse ja visualiseeritakse digitaalselt kogutud vaatlusandmeid. Probleemi lahendamise ja esitamise kaudu arendatakse digitaalse sisuloome oskust ning toetatakse \u00f5pitu digitaalsel kujul s\u00e4ilitamise oskust. Digikeskkonnas suheldes j\u00e4rgitakse igap\u00e4evaelu v\u00e4\u00e4rtusp\u00f5him\u00f5tteid ning j\u00e4lgitakse ohutut teabe kasutamist.<\/p>\n<h4>G\u00dcMNAASIUM<\/h4>\n<p>Loodusaineid \u00f5ppides kasutatakse digivahendeid internetis usaldusv\u00e4\u00e4rse ja asjakohase teabe otsimiseks, kogumiseks, t\u00f6\u00f6tlemiseks ning esitamiseks. Saadud teavet rakendatakse loodusteaduslikke probleeme lahendades, k\u00fcsimustele vastuseid leides, uusi teadmisi luues, toimuvate protsesside \u00fcle arutledes ja tulemusi esitledes. Kasutatakse andmebaase, anal\u00fc\u00fcsitakse ja visualiseeritakse digitaalselt kogutud vaatlusandmeid. Arendatakse allikakriitilise digitaalse sisuloome oskust koosk\u00f5las autori\u00f5igustega ning toetatakse loodu digitaalsel kujul s\u00e4ilitamise oskust. Digikeskkonnas suheldes arendatakse koost\u00f6\u00f6oskusi, j\u00e4rgitakse igap\u00e4evaelu v\u00e4\u00e4rtusp\u00f5him\u00f5tteid ning interneti turvalisust.<\/p>\n","protected":false},"excerpt":{"rendered":"<p>Loodusained: bioloogia, f\u00fc\u00fcsika, geograafia, keemia, loodus\u00f5petus P\u00d5HIKOOL Loodusaineid \u00f5ppides kasutatakse digivahendeid internetis usaldusv\u00e4\u00e4rse ja asjakohase teabe otsimiseks ning andmete kogumiseks. \u00d5pitakse rakendama digitaalseid teabeallikaid ja saadud teabe p\u00f5hjal lahendama loodusteaduslikke probleeme ning arutlema keskkonnas toimuvate protsesside \u00fcle. Anal\u00fc\u00fcsitakse ja visualiseeritakse digitaalselt kogutud vaatlusandmeid. Probleemi lahendamise ja esitamise kaudu arendatakse digitaalse sisuloome oskust ning toetatakse \u00f5pitu <a class=\"read-more\" href=\"https:\/\/oppevara.edu.ee\/opilood\/oppekava-digipadevuse-naited\/loodusained\/\">...continue reading <span class=\"meta-nav\">&rarr;<\/span><\/a><\/p>\n","protected":false},"author":3,"featured_media":0,"parent":509,"menu_order":4,"comment_status":"closed","ping_status":"closed","template":"","meta":[],"_links":{"self":[{"href":"https:\/\/oppevara.edu.ee\/opilood\/wp-json\/wp\/v2\/pages\/518"}],"collection":[{"href":"https:\/\/oppevara.edu.ee\/opilood\/wp-json\/wp\/v2\/pages"}],"about":[{"href":"https:\/\/oppevara.edu.ee\/opilood\/wp-json\/wp\/v2\/types\/page"}],"author":[{"embeddable":true,"href":"https:\/\/oppevara.edu.ee\/opilood\/wp-json\/wp\/v2\/users\/3"}],"replies":[{"embeddable":true,"href":"https:\/\/oppevara.edu.ee\/opilood\/wp-json\/wp\/v2\/comments?post=518"}],"version-history":[{"count":3,"href":"https:\/\/oppevara.edu.ee\/opilood\/wp-json\/wp\/v2\/pages\/518\/revisions"}],"predecessor-version":[{"id":1239,"href":"https:\/\/oppevara.edu.ee\/opilood\/wp-json\/wp\/v2\/pages\/518\/revisions\/1239"}],"up":[{"embeddable":true,"href":"https:\/\/oppevara.edu.ee\/opilood\/wp-json\/wp\/v2\/pages\/509"}],"wp:attachment":[{"href":"https:\/\/oppevara.edu.ee\/opilood\/wp-json\/wp\/v2\/media?parent=518"}],"curies":[{"name":"wp","href":"https:\/\/api.w.org\/{rel}","templated":true}]}}