{"id":512,"date":"2016-03-18T09:53:27","date_gmt":"2016-03-18T07:53:27","guid":{"rendered":"http:\/\/oppevara.hitsa.ee\/opilood\/?page_id=512"},"modified":"2016-03-22T12:42:58","modified_gmt":"2016-03-22T10:42:58","slug":"keel-ja-kirjandus","status":"publish","type":"page","link":"https:\/\/oppevara.edu.ee\/opilood\/oppekava-digipadevuse-naited\/keel-ja-kirjandus\/","title":{"rendered":"Keel ja kirjandus"},"content":{"rendered":"<h3>Ainevaldkonna digip\u00e4devus<\/h3>\n<h4>P\u00d5HIKOOL<\/h4>\n<p>Keelt ja kirjandust \u00f5ppides kasutatakse digivahendeid internetis eri liiki tekstide ning audiovisuaalse meedia otsimiseks, sh m\u00e4rks\u00f5nadega. Saadud teavet rakendatakse probleeme lahendades, nende \u00fcle arutledes v\u00f5i uut sisu luues, kasutades digikeskkonda sihip\u00e4raselt koos teiste teabeallikatega. \u00d5pitakse tekste digitaalselt looma ja vormistama, j\u00e4rgides autori\u00f5igusi viitamise ning teksti digitaalsel kujul s\u00e4ilitamise korral. Isikuandmeid sisaldavaid tekste koostades ning digikeskkonnas suheldes p\u00f6\u00f6ratakse t\u00e4helepanu interneti turvalisusele ja igap\u00e4evaelu v\u00e4\u00e4rtusp\u00f5him\u00f5tete arvestamisele.<\/p>\n<h4>G\u00dcMNAASIUM<\/h4>\n<p>Keelt ja kirjandust \u00f5ppides kasutatakse digivahendeid ja erinevaid teabeotsingumeetodeid internetis eri liiki tekstide ning audiovisuaalse meedia otsimiseks ja saadud teabe rakendamiseks probleeme lahendades, nende \u00fcle arutledes v\u00f5i uut sisu luues, kasutades digikeskkonda sihip\u00e4raselt koos teiste teabeallikatega. Koostatakse ja luuakse digitaalseid tekste ning vormistatakse neid digivahenditega, m\u00f5istetakse intellektuaalse omandi kaitse vajadust ja j\u00e4rgitakse autori\u00f5igusi, sh teksti digitaalsel kujul s\u00e4ilitamist. Isikuandmeid sisaldavaid tekste koostades ning digikeskkonnas suheldes p\u00f6\u00f6ratakse t\u00e4helepanu interneti turvalisusele ja igap\u00e4evaelu v\u00e4\u00e4rtusp\u00f5him\u00f5tete arvestamisele.<\/p>\n","protected":false},"excerpt":{"rendered":"<p>Ainevaldkonna digip\u00e4devus P\u00d5HIKOOL Keelt ja kirjandust \u00f5ppides kasutatakse digivahendeid internetis eri liiki tekstide ning audiovisuaalse meedia otsimiseks, sh m\u00e4rks\u00f5nadega. Saadud teavet rakendatakse probleeme lahendades, nende \u00fcle arutledes v\u00f5i uut sisu luues, kasutades digikeskkonda sihip\u00e4raselt koos teiste teabeallikatega. \u00d5pitakse tekste digitaalselt looma ja vormistama, j\u00e4rgides autori\u00f5igusi viitamise ning teksti digitaalsel kujul s\u00e4ilitamise korral. Isikuandmeid sisaldavaid tekste <a class=\"read-more\" href=\"https:\/\/oppevara.edu.ee\/opilood\/oppekava-digipadevuse-naited\/keel-ja-kirjandus\/\">...continue reading <span class=\"meta-nav\">&rarr;<\/span><\/a><\/p>\n","protected":false},"author":3,"featured_media":0,"parent":509,"menu_order":1,"comment_status":"closed","ping_status":"closed","template":"","meta":[],"_links":{"self":[{"href":"https:\/\/oppevara.edu.ee\/opilood\/wp-json\/wp\/v2\/pages\/512"}],"collection":[{"href":"https:\/\/oppevara.edu.ee\/opilood\/wp-json\/wp\/v2\/pages"}],"about":[{"href":"https:\/\/oppevara.edu.ee\/opilood\/wp-json\/wp\/v2\/types\/page"}],"author":[{"embeddable":true,"href":"https:\/\/oppevara.edu.ee\/opilood\/wp-json\/wp\/v2\/users\/3"}],"replies":[{"embeddable":true,"href":"https:\/\/oppevara.edu.ee\/opilood\/wp-json\/wp\/v2\/comments?post=512"}],"version-history":[{"count":3,"href":"https:\/\/oppevara.edu.ee\/opilood\/wp-json\/wp\/v2\/pages\/512\/revisions"}],"predecessor-version":[{"id":853,"href":"https:\/\/oppevara.edu.ee\/opilood\/wp-json\/wp\/v2\/pages\/512\/revisions\/853"}],"up":[{"embeddable":true,"href":"https:\/\/oppevara.edu.ee\/opilood\/wp-json\/wp\/v2\/pages\/509"}],"wp:attachment":[{"href":"https:\/\/oppevara.edu.ee\/opilood\/wp-json\/wp\/v2\/media?parent=512"}],"curies":[{"name":"wp","href":"https:\/\/api.w.org\/{rel}","templated":true}]}}