{"id":1837,"date":"2019-06-01T09:48:40","date_gmt":"2019-06-01T07:48:40","guid":{"rendered":"http:\/\/oppevara.hitsa.ee\/opilood\/?page_id=1837"},"modified":"2020-06-16T15:07:43","modified_gmt":"2020-06-16T13:07:43","slug":"loimitud","status":"publish","type":"page","link":"https:\/\/oppevara.edu.ee\/opilood\/opilood-2019\/loimitud\/","title":{"rendered":"L\u00f5imitud"},"content":{"rendered":"\n<p>Koolitusprogrammi Digiv\u00f5ti l\u00f5imitud \u00f5pilood.<\/p>\n<p><a href=\"https:\/\/drive.google.com\/file\/d\/1iX7Qpgu2CnMCjxFRkhC6cn48U1TMyjLs\/view?usp=sharing\" target=\"_blank\" rel=\"noopener noreferrer\">Rongis\u00f5it m\u00f6\u00f6da Eestit<\/a><\/p>\n<p><a href=\"https:\/\/drive.google.com\/file\/d\/1vmhBM_GHkneeggcJtAcaccOp3BlSt9Oa\/view?usp=sharing\" target=\"_blank\" rel=\"noopener noreferrer\">V\u00f5\u00f5rkeeled<\/a><\/p>\n<p><a href=\"https:\/\/drive.google.com\/file\/d\/1H5hnFy-uiqgiJYMIz_xJ_XsDIM6L1IxB\/view?usp=sharing\" target=\"_blank\" rel=\"noopener noreferrer\">Vene keel<\/a><\/p>\n<p><a href=\"https:\/\/drive.google.com\/file\/d\/1NaQOVBt8WxGU0B2PDt8mKt1JQF_gQyDX\/view?usp=sharing\" target=\"_blank\" rel=\"noopener noreferrer\">Haigused<\/a><\/p>\n<p><a href=\"https:\/\/drive.google.com\/file\/d\/1S7A3qI4RBWONkAzkLtH2PuOV8E39nD6O\/view?usp=sharing\" target=\"_blank\" rel=\"noopener noreferrer\">Selgrootute loomade mitmekesisus<\/a><\/p>\n","protected":false},"excerpt":{"rendered":"<p>Koolitusprogrammi Digiv\u00f5ti l\u00f5imitud \u00f5pilood. Rongis\u00f5it m\u00f6\u00f6da Eestit V\u00f5\u00f5rkeeled Vene keel Haigused Selgrootute loomade mitmekesisus<\/p>\n","protected":false},"author":15,"featured_media":0,"parent":1784,"menu_order":10,"comment_status":"closed","ping_status":"closed","template":"","meta":[],"_links":{"self":[{"href":"https:\/\/oppevara.edu.ee\/opilood\/wp-json\/wp\/v2\/pages\/1837"}],"collection":[{"href":"https:\/\/oppevara.edu.ee\/opilood\/wp-json\/wp\/v2\/pages"}],"about":[{"href":"https:\/\/oppevara.edu.ee\/opilood\/wp-json\/wp\/v2\/types\/page"}],"author":[{"embeddable":true,"href":"https:\/\/oppevara.edu.ee\/opilood\/wp-json\/wp\/v2\/users\/15"}],"replies":[{"embeddable":true,"href":"https:\/\/oppevara.edu.ee\/opilood\/wp-json\/wp\/v2\/comments?post=1837"}],"version-history":[{"count":8,"href":"https:\/\/oppevara.edu.ee\/opilood\/wp-json\/wp\/v2\/pages\/1837\/revisions"}],"predecessor-version":[{"id":1930,"href":"https:\/\/oppevara.edu.ee\/opilood\/wp-json\/wp\/v2\/pages\/1837\/revisions\/1930"}],"up":[{"embeddable":true,"href":"https:\/\/oppevara.edu.ee\/opilood\/wp-json\/wp\/v2\/pages\/1784"}],"wp:attachment":[{"href":"https:\/\/oppevara.edu.ee\/opilood\/wp-json\/wp\/v2\/media?parent=1837"}],"curies":[{"name":"wp","href":"https:\/\/api.w.org\/{rel}","templated":true}]}}