{"id":1802,"date":"2019-06-01T09:25:17","date_gmt":"2019-06-01T07:25:17","guid":{"rendered":"http:\/\/oppevara.hitsa.ee\/opilood\/?page_id=1802"},"modified":"2020-06-16T14:54:14","modified_gmt":"2020-06-16T12:54:14","slug":"fuusika","status":"publish","type":"page","link":"https:\/\/oppevara.edu.ee\/opilood\/opilood-2019\/loodusained\/fuusika\/","title":{"rendered":"F\u00fc\u00fcsika"},"content":{"rendered":"\n<p><a href=\"https:\/\/drive.google.com\/file\/d\/1iWEnNr1v6CDdKCvyhmUsv_nKh-cok-O1\/view?usp=sharing\" target=\"_blank\" rel=\"noopener noreferrer\">Elektri\u00f5petuse m\u00f5isted<\/a><\/p>\n<p><a href=\"https:\/\/docs.google.com\/document\/d\/1rEos6wqjL2kHb91o25v5t5ojqpLAH3GhR9xUa0ZHEOg\/edit?usp=sharing\" target=\"_blank\" rel=\"noopener noreferrer\">Juhtme takistus<\/a><\/p>\n<p><a href=\"https:\/\/drive.google.com\/file\/d\/1aRI0Us8mlQ5xDDr9fd15-FTKjDVKWP3I\/view?usp=sharing\" target=\"_blank\" rel=\"noopener noreferrer\">Pendli v\u00f5nkumise uurimine<\/a><\/p>\n<p><a href=\"https:\/\/drive.google.com\/file\/d\/1cYA3LLY5BjnKhRqj6S4hO8hPlC0_DhoM\/view?usp=sharing\" target=\"_blank\" rel=\"noopener noreferrer\">Potentsiaalne ja kineetiline energia<\/a><\/p>\n<p><a href=\"https:\/\/drive.google.com\/file\/d\/1RsxBNWr0FbvDWRQWVhjO66Al5HnQ-vip\/view?usp=sharing\" target=\"_blank\" rel=\"noopener noreferrer\">Soojus\u00fclekande liigid<\/a><\/p>\n<p><a href=\"https:\/\/drive.google.com\/file\/d\/1M-2YuVjzw2NWAuwDdeWeWqdnWk6WnlEv\/view?usp=sharing\" target=\"_blank\" rel=\"noopener noreferrer\">Aine ehitus<\/a><\/p>\n<p>\u00a0<\/p>\n","protected":false},"excerpt":{"rendered":"<p>Elektri\u00f5petuse m\u00f5isted Juhtme takistus Pendli v\u00f5nkumise uurimine Potentsiaalne ja kineetiline energia Soojus\u00fclekande liigid Aine ehitus \u00a0<\/p>\n","protected":false},"author":15,"featured_media":0,"parent":1800,"menu_order":0,"comment_status":"closed","ping_status":"closed","template":"","meta":[],"_links":{"self":[{"href":"https:\/\/oppevara.edu.ee\/opilood\/wp-json\/wp\/v2\/pages\/1802"}],"collection":[{"href":"https:\/\/oppevara.edu.ee\/opilood\/wp-json\/wp\/v2\/pages"}],"about":[{"href":"https:\/\/oppevara.edu.ee\/opilood\/wp-json\/wp\/v2\/types\/page"}],"author":[{"embeddable":true,"href":"https:\/\/oppevara.edu.ee\/opilood\/wp-json\/wp\/v2\/users\/15"}],"replies":[{"embeddable":true,"href":"https:\/\/oppevara.edu.ee\/opilood\/wp-json\/wp\/v2\/comments?post=1802"}],"version-history":[{"count":7,"href":"https:\/\/oppevara.edu.ee\/opilood\/wp-json\/wp\/v2\/pages\/1802\/revisions"}],"predecessor-version":[{"id":1922,"href":"https:\/\/oppevara.edu.ee\/opilood\/wp-json\/wp\/v2\/pages\/1802\/revisions\/1922"}],"up":[{"embeddable":true,"href":"https:\/\/oppevara.edu.ee\/opilood\/wp-json\/wp\/v2\/pages\/1800"}],"wp:attachment":[{"href":"https:\/\/oppevara.edu.ee\/opilood\/wp-json\/wp\/v2\/media?parent=1802"}],"curies":[{"name":"wp","href":"https:\/\/api.w.org\/{rel}","templated":true}]}}