{"id":1798,"date":"2019-06-01T09:24:48","date_gmt":"2019-06-01T07:24:48","guid":{"rendered":"http:\/\/oppevara.hitsa.ee\/opilood\/?page_id=1798"},"modified":"2020-08-25T11:13:19","modified_gmt":"2020-08-25T09:13:19","slug":"matemaatika","status":"publish","type":"page","link":"https:\/\/oppevara.edu.ee\/opilood\/opilood-2019\/matemaatika\/","title":{"rendered":"Matemaatika"},"content":{"rendered":"\n<p>Koolitusprogrammi Digiv\u00f5ti matemaatika ainevaldkonna \u00f5pilood.\u00a0<\/p>\n<p><a href=\"https:\/\/drive.google.com\/file\/d\/1TVRLY9MLciRLC6znmA5AwnC9VcjIDUjq\/view?usp=sharing\" target=\"_blank\" rel=\"noopener noreferrer\">Atmosf\u00e4\u00e4r IV kooliaste<\/a><\/p>\n<p><a href=\"https:\/\/drive.google.com\/file\/d\/1Mr4cX4u5wSjAlf3btH0VbqZfTnGkYNgv\/view?usp=sharing\" target=\"_blank\" rel=\"noopener noreferrer\">Eesti ilm II kooliaste<\/a><\/p>\n<p><a href=\"https:\/\/drive.google.com\/file\/d\/1hA7yAzTPHbZT1KmDcSSU2qpDFLwjEXOJ\/view?usp=sharing\" target=\"_blank\" rel=\"noopener noreferrer\">Eesti kliima III kooliaste<\/a><\/p>\n<p><a href=\"https:\/\/drive.google.com\/file\/d\/1exxq9V8JhB2zv1yL7fSkpVY-Po_7ZQYh\/view?usp=sharing\" target=\"_blank\" rel=\"noopener noreferrer\">Geomeetrilised kujundid II kooliaste<\/a><\/p>\n<p><a href=\"https:\/\/drive.google.com\/file\/d\/1BYwMLy7I1CvRMDGNzjo4SOdmZCJxidXT\/view?usp=sharing\" target=\"_blank\" rel=\"noopener noreferrer\">Geomeetrilised kujundid III kooliaste<\/a><\/p>\n<p><a href=\"https:\/\/drive.google.com\/file\/d\/1Iy3DDkfaVeHjfFlxGNcQUQuKbcs-kGOB\/view?usp=sharing\" target=\"_blank\" rel=\"noopener noreferrer\">Geomeetrilised kujundid IV kooliaste<\/a><\/p>\n<p><a href=\"https:\/\/docs.google.com\/document\/d\/1ENOt88lQdhOISgTuGlvXSl63xl3tlqzWdjnNcb-8nDc\/edit?usp=sharing\" target=\"_blank\" rel=\"noopener noreferrer\">Vektorid IV kooliaste<\/a><\/p>\n<p><a href=\"https:\/\/drive.google.com\/file\/d\/1wb5MZwRvB1QVXjTNUdiKp4SrRPCjFIHn\/view?usp=sharing\" target=\"_blank\" rel=\"noopener noreferrer\">Programmeerimine III kooliaste<\/a><\/p>\n<p><a href=\"https:\/\/docs.google.com\/document\/d\/1MXgiUYSbfzzw0ixyZhuwV4XZ4PkYqlSTM2i59hSjLNo\/edit?usp=sharing\" target=\"_blank\" rel=\"noopener noreferrer\">Rooma numbrid II kooliaste<\/a><\/p>\n<p><a href=\"https:\/\/docs.google.com\/document\/d\/1HQLm2tCercR-LQR5F-n6mPvBqN80YsIW0Nnz0r116-s\/edit?usp=sharing\" target=\"_blank\" rel=\"noopener noreferrer\">Trigonomeetriliste p\u00f5hiv\u00f5rrandite lahendamine graafiku abil<\/a><\/p>\n<p><a href=\"https:\/\/docs.google.com\/document\/d\/1wtytPmtO0vT1ZiotXUJh5nSwq0jV8xzrR0GHVsAt1P0\/edit?usp=sharing\" target=\"_blank\" rel=\"noopener noreferrer\">Naturaalarvudega liitmine ja lahutamine<\/a><\/p>\n<p><a href=\"http:\/\/8matemaatika.pbworks.com\/w\/file\/fetch\/138560898\/V%C3%B5rrandis%C3%BCsteemi%20lahendamine.pdf\" target=\"_blank\" rel=\"noopener noreferrer\">V\u00f5rrandis\u00fcsteemi lahendamine<\/a><\/p>\n<p><a href=\"https:\/\/drive.google.com\/file\/d\/1IzETuOtHxyRAG_B8Eqk-FEGy2YtB_xkX\/view?usp=sharing\" target=\"_blank\" rel=\"noopener noreferrer\">T\u00f5en\u00e4osuse m\u00f5iste ja leidmine<\/a><\/p>\n<p><a href=\"https:\/\/drive.google.com\/file\/d\/1ffNIc12ro08Byi3NEOBybz7nIntcYnO7\/view?usp=sharing\" target=\"_blank\" rel=\"noopener noreferrer\">R\u00f6\u00f6pk\u00fclik<\/a><\/p>\n<p><a href=\"https:\/\/drive.google.com\/file\/d\/1_OZupiP4OxvfoIZhXd_wJcRA5Ok1mJrC\/view?usp=sharing\" target=\"_blank\" rel=\"noopener noreferrer\">Ringi ja ristk\u00fcliku \u00fcmberm\u00f5\u00f5t ja pindala<\/a><\/p>\n","protected":false},"excerpt":{"rendered":"<p>Koolitusprogrammi Digiv\u00f5ti matemaatika ainevaldkonna \u00f5pilood.\u00a0 Atmosf\u00e4\u00e4r IV kooliaste Eesti ilm II kooliaste Eesti kliima III kooliaste Geomeetrilised kujundid II kooliaste Geomeetrilised kujundid III kooliaste Geomeetrilised kujundid IV kooliaste Vektorid IV kooliaste Programmeerimine III kooliaste Rooma numbrid II kooliaste Trigonomeetriliste p\u00f5hiv\u00f5rrandite lahendamine graafiku abil Naturaalarvudega liitmine ja lahutamine V\u00f5rrandis\u00fcsteemi lahendamine T\u00f5en\u00e4osuse m\u00f5iste ja leidmine R\u00f6\u00f6pk\u00fclik Ringi <a class=\"read-more\" href=\"https:\/\/oppevara.edu.ee\/opilood\/opilood-2019\/matemaatika\/\">...continue reading <span class=\"meta-nav\">&rarr;<\/span><\/a><\/p>\n","protected":false},"author":15,"featured_media":0,"parent":1784,"menu_order":3,"comment_status":"closed","ping_status":"closed","template":"","meta":[],"_links":{"self":[{"href":"https:\/\/oppevara.edu.ee\/opilood\/wp-json\/wp\/v2\/pages\/1798"}],"collection":[{"href":"https:\/\/oppevara.edu.ee\/opilood\/wp-json\/wp\/v2\/pages"}],"about":[{"href":"https:\/\/oppevara.edu.ee\/opilood\/wp-json\/wp\/v2\/types\/page"}],"author":[{"embeddable":true,"href":"https:\/\/oppevara.edu.ee\/opilood\/wp-json\/wp\/v2\/users\/15"}],"replies":[{"embeddable":true,"href":"https:\/\/oppevara.edu.ee\/opilood\/wp-json\/wp\/v2\/comments?post=1798"}],"version-history":[{"count":10,"href":"https:\/\/oppevara.edu.ee\/opilood\/wp-json\/wp\/v2\/pages\/1798\/revisions"}],"predecessor-version":[{"id":1942,"href":"https:\/\/oppevara.edu.ee\/opilood\/wp-json\/wp\/v2\/pages\/1798\/revisions\/1942"}],"up":[{"embeddable":true,"href":"https:\/\/oppevara.edu.ee\/opilood\/wp-json\/wp\/v2\/pages\/1784"}],"wp:attachment":[{"href":"https:\/\/oppevara.edu.ee\/opilood\/wp-json\/wp\/v2\/media?parent=1798"}],"curies":[{"name":"wp","href":"https:\/\/api.w.org\/{rel}","templated":true}]}}