{"id":1790,"date":"2019-06-01T09:22:04","date_gmt":"2019-06-01T07:22:04","guid":{"rendered":"http:\/\/oppevara.hitsa.ee\/opilood\/?page_id=1790"},"modified":"2019-09-11T12:05:51","modified_gmt":"2019-09-11T10:05:51","slug":"voorkeeled","status":"publish","type":"page","link":"https:\/\/oppevara.edu.ee\/opilood\/opilood-2019\/voorkeeled\/","title":{"rendered":"V\u00f5\u00f5rkeeled"},"content":{"rendered":"\n<p>Koolitusprogrammi Digiv\u00f5ti v\u00f5\u00f5rkeelte ainevaldkonna \u00f5pilood.\u00a0<\/p>\n","protected":false},"excerpt":{"rendered":"<p>Koolitusprogrammi Digiv\u00f5ti v\u00f5\u00f5rkeelte ainevaldkonna \u00f5pilood.\u00a0<\/p>\n","protected":false},"author":15,"featured_media":0,"parent":1784,"menu_order":2,"comment_status":"closed","ping_status":"closed","template":"","meta":[],"_links":{"self":[{"href":"https:\/\/oppevara.edu.ee\/opilood\/wp-json\/wp\/v2\/pages\/1790"}],"collection":[{"href":"https:\/\/oppevara.edu.ee\/opilood\/wp-json\/wp\/v2\/pages"}],"about":[{"href":"https:\/\/oppevara.edu.ee\/opilood\/wp-json\/wp\/v2\/types\/page"}],"author":[{"embeddable":true,"href":"https:\/\/oppevara.edu.ee\/opilood\/wp-json\/wp\/v2\/users\/15"}],"replies":[{"embeddable":true,"href":"https:\/\/oppevara.edu.ee\/opilood\/wp-json\/wp\/v2\/comments?post=1790"}],"version-history":[{"count":2,"href":"https:\/\/oppevara.edu.ee\/opilood\/wp-json\/wp\/v2\/pages\/1790\/revisions"}],"predecessor-version":[{"id":1871,"href":"https:\/\/oppevara.edu.ee\/opilood\/wp-json\/wp\/v2\/pages\/1790\/revisions\/1871"}],"up":[{"embeddable":true,"href":"https:\/\/oppevara.edu.ee\/opilood\/wp-json\/wp\/v2\/pages\/1784"}],"wp:attachment":[{"href":"https:\/\/oppevara.edu.ee\/opilood\/wp-json\/wp\/v2\/media?parent=1790"}],"curies":[{"name":"wp","href":"https:\/\/api.w.org\/{rel}","templated":true}]}}