{"id":1784,"date":"2019-06-01T09:14:13","date_gmt":"2019-06-01T07:14:13","guid":{"rendered":"http:\/\/oppevara.hitsa.ee\/opilood\/?page_id=1784"},"modified":"2020-06-16T14:52:51","modified_gmt":"2020-06-16T12:52:51","slug":"opilood-2019","status":"publish","type":"page","link":"https:\/\/oppevara.edu.ee\/opilood\/opilood-2019\/","title":{"rendered":"\u00d5pilood (2019-2020)"},"content":{"rendered":"<p><a href=\"http:\/\/oppevara.hitsa.ee\/opilood\/wp-content\/uploads\/2019\/06\/Koolitusprogramm-Digiv\u00f5ti_3x_RGB.png\"><img loading=\"lazy\" class=\"alignnone size-medium wp-image-1841\" src=\"http:\/\/oppevara.hitsa.ee\/opilood\/wp-content\/uploads\/2019\/06\/Koolitusprogramm-Digiv\u00f5ti_3x_RGB-300x116.png\" alt=\"\" width=\"300\" height=\"116\" srcset=\"https:\/\/oppevara.edu.ee\/opilood\/wp-content\/uploads\/2019\/06\/Koolitusprogramm-Digiv\u00f5ti_3x_RGB-300x116.png 300w, https:\/\/oppevara.edu.ee\/opilood\/wp-content\/uploads\/2019\/06\/Koolitusprogramm-Digiv\u00f5ti_3x_RGB.png 638w\" sizes=\"(max-width: 300px) 100vw, 300px\" \/><\/a><\/p>\n<p><strong>HITSA koolitusprogrammi Digiv\u00f5ti \u00f5pilood<\/strong><\/p>\n<p>Viiest koolitusest koosnev programm Digiv\u00f5ti keskendub ainevaldkonna p\u00f5histele digioskustele, mis aitavad \u00f5petajatel \u00f5ppijate digip\u00e4devusi toetada. Programmi arendamisel l\u00e4htuti \u00f5ppijate ja \u00f5petajate digip\u00e4devuse mudelist.<\/p>\n<p>Programmi koolitused on m\u00f5eldud alus, \u00fcld- ja kutsehariduse \u00f5petajatele, kelle digip\u00e4devused on kesktasemel. Kutse\u00f5ppeasutustest ootame programmis osalema \u00fcldaine\u00f5petajaid.<\/p>\n<p>Digiv\u00f5tme \u00f5pilugu on \u00f5pistsenaarium \u00f5petajale \u00f5ppijate ainealaste teadmiste toetamiseks digitehnoloogia abil. \u00d5piloo aluseks on \u00f5ppijate digip\u00e4devuste mudeli osaoskused: teabe haldamine, suhtlemine digikeskkondades, sisuloome ning l\u00e4bivateks oskusteks on probleemi lahendamine ja turvalisus. \u00d5pilood on koostatud erinevatele kooliastmetele.<\/p>\n<p>\u00d5pilugude autoriteks on Digiv\u00f5tme arendajad-koolitajad ning koolitustel osalejad.<\/p>\n","protected":false},"excerpt":{"rendered":"<p>HITSA koolitusprogrammi Digiv\u00f5ti \u00f5pilood Viiest koolitusest koosnev programm Digiv\u00f5ti keskendub ainevaldkonna p\u00f5histele digioskustele, mis aitavad \u00f5petajatel \u00f5ppijate digip\u00e4devusi toetada. Programmi arendamisel l\u00e4htuti \u00f5ppijate ja \u00f5petajate digip\u00e4devuse mudelist. Programmi koolitused on m\u00f5eldud alus, \u00fcld- ja kutsehariduse \u00f5petajatele, kelle digip\u00e4devused on kesktasemel. Kutse\u00f5ppeasutustest ootame programmis osalema \u00fcldaine\u00f5petajaid. Digiv\u00f5tme \u00f5pilugu on \u00f5pistsenaarium \u00f5petajale \u00f5ppijate ainealaste teadmiste toetamiseks digitehnoloogia <a class=\"read-more\" href=\"https:\/\/oppevara.edu.ee\/opilood\/opilood-2019\/\">...continue reading <span class=\"meta-nav\">&rarr;<\/span><\/a><\/p>\n","protected":false},"author":15,"featured_media":0,"parent":0,"menu_order":0,"comment_status":"closed","ping_status":"closed","template":"page-templates\/full-width.php","meta":[],"_links":{"self":[{"href":"https:\/\/oppevara.edu.ee\/opilood\/wp-json\/wp\/v2\/pages\/1784"}],"collection":[{"href":"https:\/\/oppevara.edu.ee\/opilood\/wp-json\/wp\/v2\/pages"}],"about":[{"href":"https:\/\/oppevara.edu.ee\/opilood\/wp-json\/wp\/v2\/types\/page"}],"author":[{"embeddable":true,"href":"https:\/\/oppevara.edu.ee\/opilood\/wp-json\/wp\/v2\/users\/15"}],"replies":[{"embeddable":true,"href":"https:\/\/oppevara.edu.ee\/opilood\/wp-json\/wp\/v2\/comments?post=1784"}],"version-history":[{"count":5,"href":"https:\/\/oppevara.edu.ee\/opilood\/wp-json\/wp\/v2\/pages\/1784\/revisions"}],"predecessor-version":[{"id":1921,"href":"https:\/\/oppevara.edu.ee\/opilood\/wp-json\/wp\/v2\/pages\/1784\/revisions\/1921"}],"wp:attachment":[{"href":"https:\/\/oppevara.edu.ee\/opilood\/wp-json\/wp\/v2\/media?parent=1784"}],"curies":[{"name":"wp","href":"https:\/\/api.w.org\/{rel}","templated":true}]}}